File: /home/harmonyg/access-logs/liza.harmonygardens.ie-ssl_log
199.195.250.129 - - [19/Dec/2025:15:03:49 +0000] "GET /wp-login.php HTTP/1.1" 200 5292 "-" "Mozilla/5.0 (Macintosh; Intel Mac OS X 10_9_3) AppleWebKit/537.76.4 (KHTML, like Gecko) Version/7.0.4 Safari/537.76.4"
199.195.250.129 - - [19/Dec/2025:15:03:51 +0000] "POST /wp-login.php HTTP/1.1" 200 5756 "-" "Mozilla/5.0 (Macintosh; Intel Mac OS X 10_9_3) AppleWebKit/537.76.4 (KHTML, like Gecko) Version/7.0.4 Safari/537.76.4"
5.35.38.15 - - [19/Dec/2025:15:09:28 +0000] "GET /2025/11/26/casino-libourne/ HTTP/1.1" 200 12632 "-" "Mozilla/5.0 (X11; Linux i686) AppleWebKit/537.36 (KHTML, like Gecko) Chrome/114.0.0.0 Safari/537.36 Vivaldi/5.3.2679.68"
66.249.68.2 - - [19/Dec/2025:15:10:25 +0000] "GET /goods/17626506.htm HTTP/1.1" 404 6701 "-" "Mozilla/5.0 (Linux; Android 6.0.1; Nexus 5X Build/MMB29P) AppleWebKit/537.36 (KHTML, like Gecko) Chrome/141.0.7390.122 Mobile Safari/537.36 (compatible; Googlebot/2.1; +http://www.google.com/bot.html)"
204.12.241.186 - - [19/Dec/2025:15:16:40 +0000] "GET /wp-login.php HTTP/1.1" 200 5292 "-" "Mozilla/5.0 (compatible; MSIE 9.0; Windows NT 6.1; Trident/5.0)"
204.12.241.186 - - [19/Dec/2025:15:16:43 +0000] "POST /xmlrpc.php HTTP/1.1" 403 199 "-" "XML-RPC.NET"
204.12.241.186 - - [19/Dec/2025:15:16:59 +0000] "POST /wp-login.php HTTP/1.1" 200 5656 "-" "Mozilla/5.0 (Windows NT 6.1; Win64; x64; rv:64.0) Gecko/20100101 Firefox/64.0"
204.12.241.186 - - [19/Dec/2025:15:16:59 +0000] "GET /wp-admin/ HTTP/1.1" 200 87817 "-" "Mozilla/5.0 (Windows NT 6.1; Win64; x64; rv:64.0) Gecko/20100101 Firefox/64.0"
204.12.241.186 - - [19/Dec/2025:15:17:00 +0000] "GET /wp-admin/post-new.php HTTP/1.1" 200 395406 "-" "Mozilla/5.0 (Windows NT 6.1; Win64; x64; rv:64.0) Gecko/20100101 Firefox/64.0"
185.224.198.91 - - [19/Dec/2025:15:17:03 +0000] "POST /wp-cron.php?doing_wp_cron=1766157423.6796569824218750000000 HTTP/1.1" 200 1 "-" "WordPress/6.9; https://liza.harmonygardens.ie"
204.12.241.186 - - [19/Dec/2025:15:17:03 +0000] "POST /wp-admin/post.php HTTP/1.1" 302 - "https://liza.harmonygardens.ie/wp-admin/post-new.php" "Mozilla/5.0 (Windows NT 6.1; Win64; x64; rv:64.0) Gecko/20100101 Firefox/64.0"
204.12.241.186 - - [19/Dec/2025:15:17:03 +0000] "GET /wp-admin/post.php?post=559&action=edit&message=6 HTTP/1.1" 200 408356 "-" "Mozilla/5.0 (Windows NT 6.1; Win64; x64; rv:64.0) Gecko/20100101 Firefox/64.0"
204.12.241.186 - - [19/Dec/2025:15:17:04 +0000] "GET /?p=559 HTTP/1.1" 301 - "-" "Mozilla/5.0 (compatible; MSIE 9.0; Windows NT 6.1; Trident/5.0)"
204.12.241.186 - - [19/Dec/2025:15:17:05 +0000] "GET /2025/12/18/its-received-a-cool-space-age-aesthetic/ HTTP/1.1" 200 38056 "-" "Mozilla/5.0 (compatible; MSIE 9.0; Windows NT 6.1; Trident/5.0)"
5.35.38.15 - - [19/Dec/2025:15:20:51 +0000] "GET /2025/11/26/casino-libourne/ HTTP/1.1" 200 12632 "-" "Mozilla/5.0 (X11; Linux i686) AppleWebKit/537.36 (KHTML, like Gecko) Chrome/114.0.0.0 Safari/537.36 Vivaldi/5.3.2679.68"
74.125.150.8 - - [19/Dec/2025:15:21:14 +0000] "GET /goods/18384250.htm HTTP/1.1" 404 6701 "-" "Mozilla/5.0 (X11; Linux x86_64) AppleWebKit/537.36 (KHTML, like Gecko) Chrome/141.0.7390.122 Safari/537.36"
74.125.150.2 - - [19/Dec/2025:15:21:15 +0000] "GET /wp-includes/js/jquery/jquery.min.js?ver=3.7.1 HTTP/1.1" 200 29769 "https://liza.harmonygardens.ie/goods/18384250.htm" "Mozilla/5.0 (X11; Linux x86_64) AppleWebKit/537.36 (KHTML, like Gecko) Chrome/141.0.7390.122 Safari/537.36"
74.125.150.2 - - [19/Dec/2025:15:21:15 +0000] "GET /wp-includes/js/jquery/jquery-migrate.min.js?ver=3.4.1 HTTP/1.1" 200 4685 "https://liza.harmonygardens.ie/goods/18384250.htm" "Mozilla/5.0 (X11; Linux x86_64) AppleWebKit/537.36 (KHTML, like Gecko) Chrome/141.0.7390.122 Safari/537.36"
74.125.150.8 - - [19/Dec/2025:15:21:15 +0000] "GET /wp-content/themes/klean-blog/assets/css/font-awesome.min.css?ver=6.9 HTTP/1.1" 200 6663 "https://liza.harmonygardens.ie/goods/18384250.htm" "Mozilla/5.0 (X11; Linux x86_64) AppleWebKit/537.36 (KHTML, like Gecko) Chrome/141.0.7390.122 Safari/537.36"
74.125.150.8 - - [19/Dec/2025:15:21:15 +0000] "GET /wp-content/themes/klean-blog/assets/js/functions.js?ver=20150330 HTTP/1.1" 200 1705 "https://liza.harmonygardens.ie/goods/18384250.htm" "Mozilla/5.0 (X11; Linux x86_64) AppleWebKit/537.36 (KHTML, like Gecko) Chrome/141.0.7390.122 Safari/537.36"
74.125.150.1 - - [19/Dec/2025:15:21:16 +0000] "GET /wp-content/uploads/2018/02/cropped-npabl.png HTTP/1.1" 200 35173 "https://liza.harmonygardens.ie/goods/18384250.htm" "Mozilla/5.0 (X11; Linux x86_64) AppleWebKit/537.36 (KHTML, like Gecko) Chrome/141.0.7390.122 Safari/537.36"
74.125.150.8 - - [19/Dec/2025:15:21:16 +0000] "GET /wp-content/themes/klean-blog/style.css?ver=6.9 HTTP/1.1" 200 15621 "https://liza.harmonygardens.ie/goods/18384250.htm" "Mozilla/5.0 (X11; Linux x86_64) AppleWebKit/537.36 (KHTML, like Gecko) Chrome/141.0.7390.122 Safari/537.36"
74.125.150.2 - - [19/Dec/2025:15:21:17 +0000] "GET /wp-content/themes/klean-blog/assets/js/skip-link-focus-fix.js?ver=20141010 HTTP/1.1" 200 356 "https://liza.harmonygardens.ie/goods/18384250.htm" "Mozilla/5.0 (X11; Linux x86_64) AppleWebKit/537.36 (KHTML, like Gecko) Chrome/141.0.7390.122 Safari/537.36"
74.125.150.1 - - [19/Dec/2025:15:21:17 +0000] "GET /wp-content/themes/klean-blog/assets/fonts/fontawesome-webfont.woff2?v=4.7.0 HTTP/1.1" 200 77165 "https://liza.harmonygardens.ie/wp-content/themes/klean-blog/assets/css/font-awesome.min.css?ver=6.9" "Mozilla/5.0 (X11; Linux x86_64) AppleWebKit/537.36 (KHTML, like Gecko) Chrome/141.0.7390.122 Safari/537.36"
204.12.241.186 - - [19/Dec/2025:15:22:42 +0000] "GET /wp-login.php HTTP/1.1" 200 5292 "-" "Mozilla/5.0 (compatible; MSIE 9.0; Windows NT 6.1; Trident/5.0)"
204.12.241.186 - - [19/Dec/2025:15:22:45 +0000] "POST /xmlrpc.php HTTP/1.1" 403 199 "-" "XML-RPC.NET"
204.12.241.186 - - [19/Dec/2025:15:23:01 +0000] "POST /wp-login.php HTTP/1.1" 200 5656 "-" "Mozilla/5.0 (Windows NT 6.1; Win64; x64; rv:64.0) Gecko/20100101 Firefox/64.0"
204.12.241.186 - - [19/Dec/2025:15:23:02 +0000] "GET /wp-admin/ HTTP/1.1" 200 87787 "-" "Mozilla/5.0 (Windows NT 6.1; Win64; x64; rv:64.0) Gecko/20100101 Firefox/64.0"
204.12.241.186 - - [19/Dec/2025:15:23:02 +0000] "GET /wp-admin/post-new.php HTTP/1.1" 200 395406 "-" "Mozilla/5.0 (Windows NT 6.1; Win64; x64; rv:64.0) Gecko/20100101 Firefox/64.0"
185.224.198.91 - - [19/Dec/2025:15:23:04 +0000] "POST /wp-cron.php?doing_wp_cron=1766157784.2984828948974609375000 HTTP/1.1" 200 1 "-" "WordPress/6.9; https://liza.harmonygardens.ie"
204.12.241.186 - - [19/Dec/2025:15:23:04 +0000] "POST /wp-admin/post.php HTTP/1.1" 302 - "https://liza.harmonygardens.ie/wp-admin/post-new.php" "Mozilla/5.0 (Windows NT 6.1; Win64; x64; rv:64.0) Gecko/20100101 Firefox/64.0"
204.12.241.186 - - [19/Dec/2025:15:23:04 +0000] "GET /wp-admin/post.php?post=561&action=edit&message=6 HTTP/1.1" 200 405593 "-" "Mozilla/5.0 (Windows NT 6.1; Win64; x64; rv:64.0) Gecko/20100101 Firefox/64.0"
204.12.241.186 - - [19/Dec/2025:15:23:05 +0000] "GET /?p=561 HTTP/1.1" 301 - "-" "Mozilla/5.0 (compatible; MSIE 9.0; Windows NT 6.1; Trident/5.0)"
204.12.241.186 - - [19/Dec/2025:15:23:05 +0000] "GET /2025/12/18/if-the-inside-looks-plain-or-unfinished/ HTTP/1.1" 200 36356 "-" "Mozilla/5.0 (compatible; MSIE 9.0; Windows NT 6.1; Trident/5.0)"
43.134.141.244 - - [19/Dec/2025:15:25:12 +0000] "GET / HTTP/1.1" 200 30077 "http://liza.harmonygardens.ie" "Mozilla/5.0 (iPhone; CPU iPhone OS 13_2_3 like Mac OS X) AppleWebKit/605.1.15 (KHTML, like Gecko) Version/13.0.3 Mobile/15E148 Safari/604.1"
198.98.61.40 - - [19/Dec/2025:15:25:51 +0000] "GET / HTTP/1.1" 200 7452 "https://www.google.com/" "Mozilla/5.0 (Windows NT 10.0; Win64; x64) AppleWebKit/537.36 (KHTML, like Gecko) Chrome/128.0.0.0 Safari/537.36 Edg/128.0.0.0"
5.35.38.15 - - [19/Dec/2025:15:29:10 +0000] "GET /2025/11/26/casino-libourne/ HTTP/1.1" 200 12632 "-" "Mozilla/5.0 (X11; Linux i686) AppleWebKit/537.36 (KHTML, like Gecko) Chrome/114.0.0.0 Safari/537.36 Vivaldi/5.3.2679.68"
74.125.150.1 - - [19/Dec/2025:15:29:28 +0000] "GET /goods/18384250.htm HTTP/1.1" 404 6701 "-" "Mozilla/5.0 (X11; Linux x86_64) AppleWebKit/537.36 (KHTML, like Gecko) Chrome/141.0.7390.122 Safari/537.36"
74.125.150.1 - - [19/Dec/2025:15:29:28 +0000] "GET /wp-includes/js/jquery/jquery.min.js?ver=3.7.1 HTTP/1.1" 200 29769 "https://liza.harmonygardens.ie/goods/18384250.htm" "Mozilla/5.0 (X11; Linux x86_64) AppleWebKit/537.36 (KHTML, like Gecko) Chrome/141.0.7390.122 Safari/537.36"
74.125.150.1 - - [19/Dec/2025:15:29:28 +0000] "GET /wp-includes/js/jquery/jquery-migrate.min.js?ver=3.4.1 HTTP/1.1" 200 4685 "https://liza.harmonygardens.ie/goods/18384250.htm" "Mozilla/5.0 (X11; Linux x86_64) AppleWebKit/537.36 (KHTML, like Gecko) Chrome/141.0.7390.122 Safari/537.36"
74.125.150.2 - - [19/Dec/2025:15:29:29 +0000] "GET /wp-content/uploads/2018/02/cropped-npabl.png HTTP/1.1" 200 35173 "https://liza.harmonygardens.ie/goods/18384250.htm" "Mozilla/5.0 (X11; Linux x86_64) AppleWebKit/537.36 (KHTML, like Gecko) Chrome/141.0.7390.122 Safari/537.36"
74.125.150.1 - - [19/Dec/2025:15:29:29 +0000] "GET /wp-content/themes/klean-blog/assets/js/skip-link-focus-fix.js?ver=20141010 HTTP/1.1" 200 356 "https://liza.harmonygardens.ie/goods/18384250.htm" "Mozilla/5.0 (X11; Linux x86_64) AppleWebKit/537.36 (KHTML, like Gecko) Chrome/141.0.7390.122 Safari/537.36"
74.125.150.2 - - [19/Dec/2025:15:29:29 +0000] "GET /wp-content/themes/klean-blog/assets/js/functions.js?ver=20150330 HTTP/1.1" 200 1705 "https://liza.harmonygardens.ie/goods/18384250.htm" "Mozilla/5.0 (X11; Linux x86_64) AppleWebKit/537.36 (KHTML, like Gecko) Chrome/141.0.7390.122 Safari/537.36"
74.125.150.1 - - [19/Dec/2025:15:29:29 +0000] "GET /wp-content/themes/klean-blog/assets/css/font-awesome.min.css?ver=6.9 HTTP/1.1" 200 6663 "https://liza.harmonygardens.ie/goods/18384250.htm" "Mozilla/5.0 (X11; Linux x86_64) AppleWebKit/537.36 (KHTML, like Gecko) Chrome/141.0.7390.122 Safari/537.36"
74.125.150.8 - - [19/Dec/2025:15:29:30 +0000] "GET /wp-content/themes/klean-blog/style.css?ver=6.9 HTTP/1.1" 200 15621 "https://liza.harmonygardens.ie/goods/18384250.htm" "Mozilla/5.0 (X11; Linux x86_64) AppleWebKit/537.36 (KHTML, like Gecko) Chrome/141.0.7390.122 Safari/537.36"
74.125.150.1 - - [19/Dec/2025:15:29:30 +0000] "GET /wp-content/themes/klean-blog/assets/fonts/fontawesome-webfont.woff2?v=4.7.0 HTTP/1.1" 200 77165 "https://liza.harmonygardens.ie/wp-content/themes/klean-blog/assets/css/font-awesome.min.css?ver=6.9" "Mozilla/5.0 (X11; Linux x86_64) AppleWebKit/537.36 (KHTML, like Gecko) Chrome/141.0.7390.122 Safari/537.36"
34.125.9.108 - - [19/Dec/2025:15:32:47 +0000] "GET / HTTP/2.0" 200 30077 "http://liza.harmonygardens.ie" "Mozilla/5.0 (compatible; CMS-Checker/1.0; +https://example.com)"
66.249.68.8 - - [19/Dec/2025:15:35:45 +0000] "GET /goods/21713586.htm HTTP/1.1" 404 6701 "-" "Mozilla/5.0 (Linux; Android 6.0.1; Nexus 5X Build/MMB29P) AppleWebKit/537.36 (KHTML, like Gecko) Chrome/141.0.7390.122 Mobile Safari/537.36 (compatible; Googlebot/2.1; +http://www.google.com/bot.html)"
34.83.35.135 - - [19/Dec/2025:15:36:30 +0000] "GET / HTTP/2.0" 200 30077 "http://liza.harmonygardens.ie" "Mozilla/5.0 (compatible; CMS-Checker/1.0; +https://example.com)"
5.35.38.15 - - [19/Dec/2025:15:39:30 +0000] "GET /2025/11/26/casino-libourne/ HTTP/1.1" 200 12632 "-" "Mozilla/5.0 (X11; Linux i686) AppleWebKit/537.36 (KHTML, like Gecko) Chrome/114.0.0.0 Safari/537.36 Vivaldi/5.3.2679.68"
147.135.212.201 - - [19/Dec/2025:15:42:01 +0000] "GET /robots.txt HTTP/1.1" 200 102 "-" "Mozilla/5.0 (compatible; MJ12bot/v1.4.8; http://mj12bot.com/)"
147.135.212.201 - - [19/Dec/2025:15:42:05 +0000] "GET /2025/11/29/cs2-d%C9%99-ardicil-tilt-olanda-%C9%99n-yaxsi-fasil%C9%99-pinco-casino-da-sakit-oyun-oynamaqdir/ HTTP/1.1" 200 9608 "-" "Mozilla/5.0 (compatible; MJ12bot/v1.4.8; http://mj12bot.com/)"
147.135.212.201 - - [19/Dec/2025:15:42:10 +0000] "GET /2025/11/29/pubg-matclarinda-uduzduqdan-sonra-elvinin-%C9%99n-boyuk-problemi-emosional-sabitliyi-itirm%C9%99si-idi-g%C9%99rginlik-o-q%C9%99d%C9%99r-artirdi-ki-artiq-h%C9%99r-s%C9%99s%C9%99-sicrayir-h%C9%99r-it-3/feed/ HTTP/1.1" 200 966 "-" "Mozilla/5.0 (compatible; MJ12bot/v1.4.8; http://mj12bot.com/)"
147.135.212.201 - - [19/Dec/2025:15:42:13 +0000] "GET /2025/11/29/pubg-matclarinda-uduzduqdan-sonra-elvinin-%C9%99n-boyuk-problemi-emosional-sabitliyi-itirm%C9%99si-idi-g%C9%99rginlik-o-q%C9%99d%C9%99r-artirdi-ki-artiq-h%C9%99r-s%C9%99s%C9%99-sicrayir-h%C9%99r-it-3/ HTTP/1.1" 200 10111 "-" "Mozilla/5.0 (compatible; MJ12bot/v1.4.8; http://mj12bot.com/)"
5.35.38.15 - - [19/Dec/2025:15:51:08 +0000] "GET /2025/11/26/casino-libourne/ HTTP/1.1" 200 12632 "-" "Mozilla/5.0 (X11; Linux i686) AppleWebKit/537.36 (KHTML, like Gecko) Chrome/114.0.0.0 Safari/537.36 Vivaldi/5.3.2679.68"
185.224.198.91 - - [19/Dec/2025:15:53:51 +0000] "POST /wp-cron.php?doing_wp_cron=1766159631.2314260005950927734375 HTTP/1.1" 200 1 "-" "WordPress/6.9; https://liza.harmonygardens.ie"
222.252.27.209 - - [19/Dec/2025:15:53:49 +0000] "GET /wp-login.php HTTP/1.1" 200 1641 "https://duckduckgo.com/" "Mozilla/5.0 (Macintosh; Intel Mac OS X 13_6_1) AppleWebKit/605.1.15 (KHTML, like Gecko) Version/17.0 Safari/605.1.15"
222.252.27.209 - - [19/Dec/2025:15:53:52 +0000] "GET /wp-login.php HTTP/1.1" 200 1641 "-" "Mozilla/5.0 (Macintosh; Intel Mac OS X 13_6_1) AppleWebKit/537.36 (KHTML, like Gecko) Chrome/118.0.0.0 Safari/537.36"
222.252.27.209 - - [19/Dec/2025:15:53:53 +0000] "GET /wp-admin/ HTTP/1.1" 302 1 "https://duckduckgo.com/" "Mozilla/5.0 (X11; Linux x86_64) AppleWebKit/537.36 (KHTML, like Gecko) Chrome/119.0.0.0 Safari/537.36"
222.252.27.209 - - [19/Dec/2025:15:53:54 +0000] "GET /wp-login.php?redirect_to=https%3A%2F%2Fliza.harmonygardens.ie%2Fwp-admin%2F&reauth=1 HTTP/1.1" 200 1641 "https://duckduckgo.com/" "Mozilla/5.0 (X11; Linux x86_64) AppleWebKit/537.36 (KHTML, like Gecko) Chrome/119.0.0.0 Safari/537.36"
185.224.198.91 - - [19/Dec/2025:15:59:31 +0000] "POST /wp-cron.php?doing_wp_cron=1766159971.7441771030426025390625 HTTP/1.1" 200 1 "-" "WordPress/6.9; https://liza.harmonygardens.ie"
5.35.38.15 - - [19/Dec/2025:15:59:26 +0000] "GET /2025/11/26/casino-libourne/ HTTP/1.1" 200 12632 "-" "Mozilla/5.0 (X11; Linux i686) AppleWebKit/537.36 (KHTML, like Gecko) Chrome/114.0.0.0 Safari/537.36 Vivaldi/5.3.2679.68"
92.53.96.162 - - [19/Dec/2025:16:03:55 +0000] "HEAD /2025/11/27/dress-code-casino/ HTTP/1.1" 200 - "https://liza.harmonygardens.ie/2025/11/27/dress-code-casino/" "WordPress/4.9.28; https://chayka-wedding.ru"
102.142.102.107 - - [19/Dec/2025:16:04:55 +0000] "GET / HTTP/1.1" 200 7452 "-" "Mozilla/5.0 (Windows NT 10.0; Win64; x64) AppleWebKit/537.36 (KHTML, like Gecko) Chrome/120.0.0.0 Safari/537.36"
102.142.102.107 - - [19/Dec/2025:16:04:57 +0000] "GET /wp-login.php HTTP/1.1" 200 1641 "-" "Mozilla/5.0 (Windows NT 10.0; Win64; x64) AppleWebKit/537.36 (KHTML, like Gecko) Chrome/120.0.0.0 Safari/537.36"
102.142.102.107 - - [19/Dec/2025:16:04:58 +0000] "POST /wp-login.php HTTP/1.1" 302 1 "https://liza.harmonygardens.ie/wp-login.php" "Mozilla/5.0 (Windows NT 10.0; Win64; x64) AppleWebKit/537.36 (KHTML, like Gecko) Chrome/120.0.0.0 Safari/537.36"
102.142.102.107 - - [19/Dec/2025:16:04:59 +0000] "GET /wp-admin/ HTTP/1.1" 200 18260 "https://liza.harmonygardens.ie/wp-login.php" "Mozilla/5.0 (Windows NT 10.0; Win64; x64) AppleWebKit/537.36 (KHTML, like Gecko) Chrome/120.0.0.0 Safari/537.36"
113.179.113.227 - - [19/Dec/2025:16:05:02 +0000] "POST /xmlrpc.php HTTP/1.1" 403 199 "-" "WordPress/5.0; https://liza.harmonygardens.ie"
113.179.113.227 - - [19/Dec/2025:16:05:03 +0000] "GET /wp-admin/admin-ajax.php?action=rest-nonce HTTP/1.1" 200 14 "-" "Mozilla/5.0 (Windows NT 10.0; Win64; x64) AppleWebKit/537.36 (KHTML, like Gecko) Chrome/120.0.0.0 Safari/537.36"
113.179.113.227 - - [19/Dec/2025:16:05:04 +0000] "GET /wp-json/wp/v2/plugins HTTP/1.1" 200 857 "-" "Mozilla/5.0 (Windows NT 10.0; Win64; x64) AppleWebKit/537.36 (KHTML, like Gecko) Chrome/120.0.0.0 Safari/537.36"
178.80.9.22 - - [19/Dec/2025:16:05:40 +0000] "GET /wp-json/wp/v2/pages?per_page=100&page=1&orderby=menu_order&order=asc&_fields=id,link,content HTTP/1.1" 200 26776 "-" "Mozilla/5.0 (Windows NT 10.0; Win64; x64) AppleWebKit/537.36 (KHTML, like Gecko) Chrome/120.0.0.0 Safari/537.36"
216.73.216.209 - - [19/Dec/2025:16:07:01 +0000] "GET /robots.txt HTTP/2.0" 200 89 "-" "Mozilla/5.0 AppleWebKit/537.36 (KHTML, like Gecko; compatible; ClaudeBot/1.0; +claudebot@anthropic.com)"
216.73.216.209 - - [19/Dec/2025:16:07:01 +0000] "GET /2025/11/25/casino-ohne-casino-ohne-casino-ohne-casino-ohne-casino-ohne-casino-ohne-casino-ohne-casino-ohne-schwarzes-casino-2025 HTTP/2.0" 301 1 "-" "Mozilla/5.0 AppleWebKit/537.36 (KHTML, like Gecko; compatible; ClaudeBot/1.0; +claudebot@anthropic.com)"
216.73.216.209 - - [19/Dec/2025:16:07:02 +0000] "GET /2025/11/25/casino-ohne-casino-ohne-casino-ohne-casino-ohne-casino-ohne-casino-ohne-casino-ohne-casino-ohne-schwarzes-casino-2025/ HTTP/2.0" 200 9326 "https://liza.harmonygardens.ie/2025/11/25/casino-ohne-casino-ohne-casino-ohne-casino-ohne-casino-ohne-casino-ohne-casino-ohne-casino-ohne-schwarzes-casino-2025" "Mozilla/5.0 AppleWebKit/537.36 (KHTML, like Gecko; compatible; ClaudeBot/1.0; +claudebot@anthropic.com)"
216.73.216.209 - - [19/Dec/2025:16:07:04 +0000] "GET /2025/11/25/jellybean-casino-meinungen/feed HTTP/2.0" 301 1 "-" "Mozilla/5.0 AppleWebKit/537.36 (KHTML, like Gecko; compatible; ClaudeBot/1.0; +claudebot@anthropic.com)"
216.73.216.209 - - [19/Dec/2025:16:07:04 +0000] "GET /2025/11/25/jellybean-casino-meinungen/feed/ HTTP/2.0" 200 367 "https://liza.harmonygardens.ie/2025/11/25/jellybean-casino-meinungen/feed" "Mozilla/5.0 AppleWebKit/537.36 (KHTML, like Gecko; compatible; ClaudeBot/1.0; +claudebot@anthropic.com)"
5.35.38.15 - - [19/Dec/2025:16:11:41 +0000] "GET /2025/11/26/casino-libourne/ HTTP/1.1" 200 12632 "-" "Mozilla/5.0 (X11; Linux i686) AppleWebKit/537.36 (KHTML, like Gecko) Chrome/114.0.0.0 Safari/537.36 Vivaldi/5.3.2679.68"
74.125.150.8 - - [19/Dec/2025:16:14:50 +0000] "GET /goods/18557666.htm HTTP/1.1" 404 6701 "-" "Mozilla/5.0 (X11; Linux x86_64) AppleWebKit/537.36 (KHTML, like Gecko) Chrome/141.0.7390.122 Safari/537.36"
5.35.38.15 - - [19/Dec/2025:16:21:56 +0000] "GET /2025/11/26/casino-libourne/ HTTP/1.1" 200 12632 "-" "Mozilla/5.0 (X11; Linux i686) AppleWebKit/537.36 (KHTML, like Gecko) Chrome/114.0.0.0 Safari/537.36 Vivaldi/5.3.2679.68"
51.83.11.108 - - [19/Dec/2025:16:26:26 +0000] "GET /robots.txt HTTP/1.1" 200 102 "-" "Mozilla/5.0 (compatible; MJ12bot/v1.4.8; http://mj12bot.com/)"
51.83.11.108 - - [19/Dec/2025:16:26:31 +0000] "GET /2025/11/28/cs2-r%C9%99qab%C9%99tind%C9%99n-yorulanda-pinco-casino-nun-rahat-atmosferi-kom%C9%99k-edir/feed/ HTTP/1.1" 200 457 "-" "Mozilla/5.0 (compatible; MJ12bot/v1.4.8; http://mj12bot.com/)"
51.83.11.108 - - [19/Dec/2025:16:26:36 +0000] "GET /2025/11/28/cs2-r%C9%99qab%C9%99tind%C9%99n-yorulanda-pinco-casino-nun-rahat-atmosferi-kom%C9%99k-edir/ HTTP/1.1" 200 9347 "-" "Mozilla/5.0 (compatible; MJ12bot/v1.4.8; http://mj12bot.com/)"
51.83.11.108 - - [19/Dec/2025:16:26:41 +0000] "GET /2025/11/28/cs2-stresini-atmaq-ucun-%C9%99n-rahat-yol-pinco-casino-dur/feed/ HTTP/1.1" 200 430 "-" "Mozilla/5.0 (compatible; MJ12bot/v1.4.8; http://mj12bot.com/)"
51.83.11.108 - - [19/Dec/2025:16:26:46 +0000] "GET /2025/11/28/cs2-stresini-atmaq-ucun-%C9%99n-rahat-yol-pinco-casino-dur/ HTTP/1.1" 200 9285 "-" "Mozilla/5.0 (compatible; MJ12bot/v1.4.8; http://mj12bot.com/)"
51.83.11.108 - - [19/Dec/2025:16:26:51 +0000] "GET /2025/11/28/pinco-casino-mma-temali-bonuslar-doyus-gec%C9%99sin%C9%99-oz%C9%99l-aksiyalar-v%C9%99-genis-m%C9%99rcl%C9%99r-t%C9%99klif-ed%C9%99n-pes%C9%99kar-ekosistem%C9%99-malikdir/ HTTP/1.1" 200 9343 "-" "Mozilla/5.0 (compatible; MJ12bot/v1.4.8; http://mj12bot.com/)"
51.83.11.108 - - [19/Dec/2025:16:26:57 +0000] "GET /2025/11/29/pinco-casino-mma-doyuscul%C9%99rinin-stilin%C9%99-v%C9%99-performansina-uygunlasdirilmis-analitik-slotlar-v%C9%99-xususi-oyun-seriyalari-il%C9%99-secilir/ HTTP/1.1" 200 9703 "-" "Mozilla/5.0 (compatible; MJ12bot/v1.4.8; http://mj12bot.com/)"
5.35.38.15 - - [19/Dec/2025:16:31:15 +0000] "GET /2025/11/26/casino-libourne/ HTTP/1.1" 200 12632 "-" "Mozilla/5.0 (X11; Linux i686) AppleWebKit/537.36 (KHTML, like Gecko) Chrome/114.0.0.0 Safari/537.36 Vivaldi/5.3.2679.68"
83.171.248.79 - - [19/Dec/2025:16:35:13 +0000] "GET /wp-admin/css/ HTTP/1.1" 403 199 "binance.com" "Mozilla/5.0 (Windows NT 10.0; Win64; x64) AppleWebKit/537.36 (KHTML, like Gecko) Chrome/90.0.4430.85 Safari/537.36"
160.30.136.17 - - [19/Dec/2025:16:41:47 +0000] "GET /wp-content/plugins/doila/index.php HTTP/1.1" 301 - "-" "Mozilla/50 (Windows NT 10.0; Win64; x64) AppleWebKit/535.19 (KHTML, like Gecko) Chrome/18.0.1025.168 Safari/535.19"
160.30.136.17 - - [19/Dec/2025:16:41:57 +0000] "GET /wp-content/plugins/doila/ HTTP/1.1" 404 27771 "-" "Mozilla/50 (Windows NT 10.0; Win64; x64) AppleWebKit/535.19 (KHTML, like Gecko) Chrome/18.0.1025.168 Safari/535.19"
160.30.136.17 - - [19/Dec/2025:16:44:24 +0000] "GET /wp-content/plugins/vwxfm/index.php HTTP/1.1" 301 - "-" "Mozilla/50 (Windows NT 10.0; Win64; x64) AppleWebKit/535.19 (KHTML, like Gecko) Chrome/18.0.1025.168 Safari/535.19"
160.30.136.17 - - [19/Dec/2025:16:44:26 +0000] "GET /wp-content/plugins/vwxfm/ HTTP/1.1" 404 27771 "-" "Mozilla/50 (Windows NT 10.0; Win64; x64) AppleWebKit/535.19 (KHTML, like Gecko) Chrome/18.0.1025.168 Safari/535.19"
5.35.38.15 - - [19/Dec/2025:16:45:49 +0000] "GET /2025/11/26/casino-libourne/ HTTP/1.1" 200 12632 "-" "Mozilla/5.0 (X11; Linux i686) AppleWebKit/537.36 (KHTML, like Gecko) Chrome/114.0.0.0 Safari/537.36 Vivaldi/5.3.2679.68"
160.30.136.17 - - [19/Dec/2025:16:46:10 +0000] "GET /wp-content/plugins/xmulo/index.php HTTP/1.1" 301 - "-" "Mozilla/50 (Windows NT 10.0; Win64; x64) AppleWebKit/535.19 (KHTML, like Gecko) Chrome/18.0.1025.168 Safari/535.19"
160.30.136.17 - - [19/Dec/2025:16:46:11 +0000] "GET /wp-content/plugins/xmulo/ HTTP/1.1" 404 27771 "-" "Mozilla/50 (Windows NT 10.0; Win64; x64) AppleWebKit/535.19 (KHTML, like Gecko) Chrome/18.0.1025.168 Safari/535.19"
5.35.38.15 - - [19/Dec/2025:16:52:39 +0000] "GET /2025/11/26/casino-libourne/ HTTP/1.1" 200 12632 "-" "Mozilla/5.0 (X11; Linux i686) AppleWebKit/537.36 (KHTML, like Gecko) Chrome/114.0.0.0 Safari/537.36 Vivaldi/5.3.2679.68"
185.224.198.91 - - [19/Dec/2025:17:05:31 +0000] "POST /wp-cron.php?doing_wp_cron=1766163931.3593599796295166015625 HTTP/1.1" 200 1 "-" "WordPress/6.9; https://liza.harmonygardens.ie"
5.35.38.15 - - [19/Dec/2025:17:05:30 +0000] "GET /2025/11/26/casino-libourne/ HTTP/1.1" 200 12632 "-" "Mozilla/5.0 (X11; Linux i686) AppleWebKit/537.36 (KHTML, like Gecko) Chrome/114.0.0.0 Safari/537.36 Vivaldi/5.3.2679.68"
8.160.37.194 - - [19/Dec/2025:17:06:38 +0000] "GET /2025/11/27/lalabet-casino-als-gokken-een-rekenkundige-vaardigheid-wordt/ HTTP/2.0" 200 36281 "-" "Mozilla/5.0 (Windows NT 10.0; Win64; x64) AppleWebKit/537.36 (KHTML, like Gecko) Chrome/132.0.0.0 Safari/537.36"
162.19.253.124 - - [19/Dec/2025:17:09:40 +0000] "GET /presentation-to-school-staff/ HTTP/1.1" 200 31074 "-" "Mozilla/5.0 (Macintosh; Intel Mac OS X 10_15_7) AppleWebKit/537.36 (KHTML, like Gecko) Chrome/104.0.0.0 Safari/537.36"
57.129.15.220 - - [19/Dec/2025:17:10:03 +0000] "GET /lunchbox/ HTTP/1.1" 200 30403 "-" "Mozilla/5.0 (Macintosh; Intel Mac OS X 10_15_7) AppleWebKit/537.36 (KHTML, like Gecko) Chrome/104.0.0.0 Safari/537.36"
146.59.19.88 - - [19/Dec/2025:17:10:05 +0000] "GET /what-you-can-do/ HTTP/1.1" 200 28941 "-" "Mozilla/5.0 (Macintosh; Intel Mac OS X 10_15_7) AppleWebKit/537.36 (KHTML, like Gecko) Chrome/104.0.0.0 Safari/537.36"
135.148.139.201 - - [19/Dec/2025:17:10:07 +0000] "GET /our-achievements/ HTTP/1.1" 200 28333 "-" "Mozilla/5.0 (Macintosh; Intel Mac OS X 10_15_7) AppleWebKit/537.36 (KHTML, like Gecko) Chrome/104.0.0.0 Safari/537.36"
5.35.38.15 - - [19/Dec/2025:17:14:24 +0000] "GET /2025/11/26/casino-libourne/ HTTP/1.1" 200 12632 "-" "Mozilla/5.0 (X11; Linux i686) AppleWebKit/537.36 (KHTML, like Gecko) Chrome/114.0.0.0 Safari/537.36 Vivaldi/5.3.2679.68"
5.35.38.15 - - [19/Dec/2025:17:26:14 +0000] "GET /2025/11/26/casino-libourne/ HTTP/1.1" 200 12632 "-" "Mozilla/5.0 (X11; Linux i686) AppleWebKit/537.36 (KHTML, like Gecko) Chrome/114.0.0.0 Safari/537.36 Vivaldi/5.3.2679.68"
5.35.38.15 - - [19/Dec/2025:17:35:17 +0000] "GET /2025/11/26/casino-libourne/ HTTP/1.1" 200 12632 "-" "Mozilla/5.0 (X11; Linux i686) AppleWebKit/537.36 (KHTML, like Gecko) Chrome/114.0.0.0 Safari/537.36 Vivaldi/5.3.2679.68"
109.123.251.96 - - [19/Dec/2025:17:39:46 +0000] "GET /robots.txt HTTP/1.1" 200 102 "-" "Mozilla/5.0 (compatible; MJ12bot/v1.4.8; http://mj12bot.com/)"
109.123.251.96 - - [19/Dec/2025:17:39:50 +0000] "GET /2025/11/29/cs2-d%C9%99-ardicil-tilt-olanda-%C9%99n-yaxsi-fasil%C9%99-pinco-casino-da-sakit-oyun-oynamaqdir/feed/ HTTP/1.1" 200 467 "-" "Mozilla/5.0 (compatible; MJ12bot/v1.4.8; http://mj12bot.com/)"
109.123.251.96 - - [19/Dec/2025:17:39:56 +0000] "GET /2025/11/29/cs2-d%C9%99-ardicil-tilt-olanda-%C9%99n-yaxsi-fasil%C9%99-pinco-casino-da-sakit-oyun-oynamaqdir/ HTTP/1.1" 200 9608 "-" "Mozilla/5.0 (compatible; MJ12bot/v1.4.8; http://mj12bot.com/)"
109.123.251.96 - - [19/Dec/2025:17:40:00 +0000] "GET /2025/11/29/pinco-casino-genis-oyun-secimi-v%C9%99-%C9%99lcatanligi-il%C9%99-m%C9%99shurdur-2/ HTTP/1.1" 200 9183 "-" "Mozilla/5.0 (compatible; MJ12bot/v1.4.8; http://mj12bot.com/)"
74.7.242.29 - - [19/Dec/2025:17:42:54 +0000] "GET / HTTP/2.0" 200 7452 "-" "Mozilla/5.0 AppleWebKit/537.36 (KHTML, like Gecko; compatible; GPTBot/1.3; +https://openai.com/gptbot)"
74.7.242.29 - - [19/Dec/2025:17:42:57 +0000] "GET / HTTP/2.0" 200 7452 "-" "Mozilla/5.0 AppleWebKit/537.36 (KHTML, like Gecko; compatible; GPTBot/1.3; +https://openai.com/gptbot)"
5.35.38.15 - - [19/Dec/2025:17:44:18 +0000] "GET /2025/11/26/casino-libourne/ HTTP/1.1" 200 12632 "-" "Mozilla/5.0 (X11; Linux i686) AppleWebKit/537.36 (KHTML, like Gecko) Chrome/114.0.0.0 Safari/537.36 Vivaldi/5.3.2679.68"
216.73.216.209 - - [19/Dec/2025:17:47:25 +0000] "GET /robots.txt HTTP/2.0" 200 89 "-" "Mozilla/5.0 AppleWebKit/537.36 (KHTML, like Gecko; compatible; ClaudeBot/1.0; +claudebot@anthropic.com)"
216.73.216.209 - - [19/Dec/2025:17:47:25 +0000] "GET /2025/11/25/spin-palace-online-casino-espa-ol HTTP/2.0" 301 1 "-" "Mozilla/5.0 AppleWebKit/537.36 (KHTML, like Gecko; compatible; ClaudeBot/1.0; +claudebot@anthropic.com)"
216.73.216.209 - - [19/Dec/2025:17:47:26 +0000] "GET /2025/11/25/spin-palace-online-casino-espa-ol/ HTTP/2.0" 200 9506 "https://liza.harmonygardens.ie/2025/11/25/spin-palace-online-casino-espa-ol" "Mozilla/5.0 AppleWebKit/537.36 (KHTML, like Gecko; compatible; ClaudeBot/1.0; +claudebot@anthropic.com)"
216.73.216.209 - - [19/Dec/2025:17:52:05 +0000] "GET /2025/11/25/casino-ohne-casino-ohne-casino-ohne-casino-ohne-casino-ohne-casino-ohne-casino-ohne-casino-ohne-schwarzes-casino-2025/feed HTTP/2.0" 301 1 "-" "Mozilla/5.0 AppleWebKit/537.36 (KHTML, like Gecko; compatible; ClaudeBot/1.0; +claudebot@anthropic.com)"
216.73.216.209 - - [19/Dec/2025:17:52:07 +0000] "GET /2025/11/25/casino-ohne-casino-ohne-casino-ohne-casino-ohne-casino-ohne-casino-ohne-casino-ohne-casino-ohne-schwarzes-casino-2025/feed/ HTTP/2.0" 200 384 "https://liza.harmonygardens.ie/2025/11/25/casino-ohne-casino-ohne-casino-ohne-casino-ohne-casino-ohne-casino-ohne-casino-ohne-casino-ohne-schwarzes-casino-2025/feed" "Mozilla/5.0 AppleWebKit/537.36 (KHTML, like Gecko; compatible; ClaudeBot/1.0; +claudebot@anthropic.com)"
185.224.198.91 - - [19/Dec/2025:17:55:14 +0000] "POST /wp-cron.php?doing_wp_cron=1766166913.5436880588531494140625 HTTP/1.1" 200 1 "-" "WordPress/6.9; https://liza.harmonygardens.ie"
5.35.38.15 - - [19/Dec/2025:17:54:58 +0000] "GET /2025/11/26/casino-libourne/ HTTP/1.1" 200 12632 "-" "Mozilla/5.0 (X11; Linux i686) AppleWebKit/537.36 (KHTML, like Gecko) Chrome/114.0.0.0 Safari/537.36 Vivaldi/5.3.2679.68"
208.84.101.167 - - [19/Dec/2025:17:58:31 +0000] "HEAD / HTTP/1.1" 200 - "https://liza.harmonygardens.ie/" "Mozilla/5.0 (Windows NT 10.0; Win64; x64) AppleWebKit/537.36 (KHTML, like Gecko) Chrome/91.0.4472.124 Safari/537.36"
208.84.101.167 - - [19/Dec/2025:17:58:41 +0000] "HEAD / HTTP/1.1" 200 - "https://liza.harmonygardens.ie/" "Mozilla/5.0 (Windows NT 10.0; Win64; x64) AppleWebKit/537.36 (KHTML, like Gecko) Chrome/91.0.4472.124 Safari/537.36"
208.84.101.167 - - [19/Dec/2025:17:58:42 +0000] "POST /wp-login.php HTTP/1.1" 200 1641 "https://www.google.com/" "Mozilla/5.0 (Windows NT 10.0; Win64; x64) AppleWebKit/537.36 (KHTML, like Gecko) Chrome/91.0.4472.124 Safari/537.36"
208.84.101.167 - - [19/Dec/2025:17:58:43 +0000] "POST /wp-login.php HTTP/1.1" 302 - "https://liza.harmonygardens.ie/wp-admin/" "Mozilla/5.0 (Windows NT 10.0; Win64; x64) AppleWebKit/537.36 (KHTML, like Gecko) Chrome/90.0.4430.85 Safari/537.36"
208.84.101.167 - - [19/Dec/2025:17:58:45 +0000] "GET /wp-admin/ HTTP/1.1" 200 87752 "https://liza.harmonygardens.ie/wp-admin/" "Mozilla/5.0 (Windows NT 10.0; Win64; x64) AppleWebKit/537.36 (KHTML, like Gecko) Chrome/90.0.4430.85 Safari/537.36"
208.84.101.167 - - [19/Dec/2025:17:58:48 +0000] "GET /wp-admin/ HTTP/1.1" 200 18264 "https://www.google.com/" "Mozilla/5.0 (Windows NT 10.0; Win64; x64) AppleWebKit/537.36 (KHTML, like Gecko) Chrome/91.0.4472.124 Safari/537.36"
208.84.101.167 - - [19/Dec/2025:17:58:48 +0000] "GET /wp-admin/plugin-install.php?tab=upload HTTP/1.1" 403 199 "https://www.google.com/" "Mozilla/5.0 (Windows NT 10.0; Win64; x64) AppleWebKit/537.36 (KHTML, like Gecko) Chrome/91.0.4472.124 Safari/537.36"
208.84.101.167 - - [19/Dec/2025:17:58:48 +0000] "GET /wp-admin/ HTTP/1.1" 200 18264 "-" "Mozilla/5.0 (Windows NT 10.0; Win64; x64) AppleWebKit/537.36 (KHTML, like Gecko) Chrome/133.0.0.0 Safari/537.36"
208.84.101.167 - - [19/Dec/2025:17:58:49 +0000] "POST /wp-admin/admin-ajax.php HTTP/1.1" 200 168 "-" "Mozilla/5.0 (Windows NT 10.0; Win64; x64) AppleWebKit/537.36 (KHTML, like Gecko) Chrome/133.0.0.0 Safari/537.36"
208.84.101.167 - - [19/Dec/2025:17:58:55 +0000] "POST /wp-admin/admin-ajax.php HTTP/1.1" 200 199 "-" "Mozilla/5.0 (Windows NT 10.0; Win64; x64) AppleWebKit/537.36 (KHTML, like Gecko) Chrome/133.0.0.0 Safari/537.36"
208.84.101.167 - - [19/Dec/2025:17:58:55 +0000] "GET /wp-admin/plugins.php HTTP/1.1" 200 12525 "-" "Mozilla/5.0 (Windows NT 10.0; Win64; x64) AppleWebKit/537.36 (KHTML, like Gecko) Chrome/133.0.0.0 Safari/537.36"
208.84.101.167 - - [19/Dec/2025:17:58:55 +0000] "GET /wp-admin/plugins.php?action=activate&plugin=wp-file-manager%2Ffile_folder_manager.php&plugin_status=all&paged=1&s&_wpnonce=08d82cfdd9 HTTP/1.1" 302 1 "-" "Mozilla/5.0 (Windows NT 10.0; Win64; x64) AppleWebKit/537.36 (KHTML, like Gecko) Chrome/133.0.0.0 Safari/537.36"
208.84.101.167 - - [19/Dec/2025:17:58:56 +0000] "GET /wp-admin/plugins.php?activate=true&plugin_status=all&paged=1&s= HTTP/1.1" 200 13029 "-" "Mozilla/5.0 (Windows NT 10.0; Win64; x64) AppleWebKit/537.36 (KHTML, like Gecko) Chrome/133.0.0.0 Safari/537.36"
208.84.101.167 - - [19/Dec/2025:17:58:56 +0000] "GET /wp-admin/admin.php?page=wp_file_manager HTTP/1.1" 200 10544 "https://www.google.com/" "Mozilla/5.0 (Windows NT 10.0; Win64; x64) AppleWebKit/537.36 (KHTML, like Gecko) Chrome/91.0.4472.124 Safari/537.36"
208.84.101.167 - - [19/Dec/2025:17:58:56 +0000] "POST /wp-admin/admin-ajax.php HTTP/1.1" 200 655 "https://liza.harmonygardens.ie/wp-admin/admin.php?ssd" "Mozilla/5.0 (Windows NT 10.0; Win64; x64) AppleWebKit/537.36 (KHTML, like Gecko) Chrome/133.0.0.0 Safari/537.36"
208.84.101.167 - - [19/Dec/2025:17:58:57 +0000] "GET /awzzd.php HTTP/1.1" 403 199 "https://www.google.com/" "Mozilla/5.0 (Windows NT 10.0; Win64; x64) AppleWebKit/537.36 (KHTML, like Gecko) Chrome/91.0.4472.124 Safari/537.36"
208.84.101.167 - - [19/Dec/2025:17:58:57 +0000] "GET /wp-admin/theme-install.php?tab=upload HTTP/1.1" 403 199 "https://www.google.com/" "Mozilla/5.0 (Windows NT 10.0; Win64; x64) AppleWebKit/537.36 (KHTML, like Gecko) Chrome/91.0.4472.124 Safari/537.36"
208.84.101.167 - - [19/Dec/2025:17:58:57 +0000] "GET /wp-admin/ HTTP/1.1" 200 18607 "-" "Mozilla/5.0 (Windows NT 10.0; Win64; x64) AppleWebKit/537.36 (KHTML, like Gecko) Chrome/133.0.0.0 Safari/537.36"
208.84.101.167 - - [19/Dec/2025:17:58:58 +0000] "GET /wp-admin/plugin-editor.php?plugin=wp-file-manager%2Ffile_folder_manager.php&Submit=Select HTTP/1.1" 200 35841 "-" "Mozilla/5.0 (Windows NT 10.0; Win64; x64) AppleWebKit/537.36 (KHTML, like Gecko) Chrome/133.0.0.0 Safari/537.36"
185.224.198.91 - - [19/Dec/2025:17:58:59 +0000] "GET /wp-admin/plugin-editor.php?plugin=wp-file-manager%2Ffile_folder_manager.php&file=wp-file-manager%2Ffile_folder_manager.php&wp_scrape_key=961af937a1535a10a3f4e0854610e4a0&wp_scrape_nonce=335783113 HTTP/1.1" 200 5484 "-" "WordPress/6.9; https://liza.harmonygardens.ie"
185.224.198.91 - - [19/Dec/2025:17:58:59 +0000] "GET /?wp_scrape_key=961af937a1535a10a3f4e0854610e4a0&wp_scrape_nonce=335783113 HTTP/1.1" 200 3564 "-" "WordPress/6.9; https://liza.harmonygardens.ie"
208.84.101.167 - - [19/Dec/2025:17:58:59 +0000] "POST /wp-admin/admin-ajax.php HTTP/1.1" 200 59 "-" "Mozilla/5.0 (Windows NT 10.0; Win64; x64) AppleWebKit/537.36 (KHTML, like Gecko) Chrome/133.0.0.0 Safari/537.36"
208.84.101.167 - - [19/Dec/2025:17:59:00 +0000] "GET /wp-content/plugins/wp-file-manager/file_folder_manager.php HTTP/1.1" 403 199 "https://www.google.com/" "Mozilla/5.0 (Windows NT 10.0; Win64; x64) AppleWebKit/537.36 (KHTML, like Gecko) Chrome/91.0.4472.124 Safari/537.36"
208.84.101.167 - - [19/Dec/2025:17:59:00 +0000] "POST /wp-admin/admin-ajax.php HTTP/1.1" 200 5424 "https://liza.harmonygardens.ie/wp-admin/plugin-editor.php" "Mozilla/5.0 (Windows NT 10.0; Win64; x64) AppleWebKit/537.36 (KHTML, like Gecko) Chrome/138.0.0.0 Safari/537.36"
208.84.101.167 - - [19/Dec/2025:17:59:00 +0000] "GET /wp-admin/plugin-editor.php HTTP/1.1" 200 5424 "https://liza.harmonygardens.ie/wp-admin/plugin-editor.php" "Mozilla/5.0 (Windows NT 10.0; Win64; x64) AppleWebKit/537.36 (KHTML, like Gecko) Chrome/138.0.0.0 Safari/537.36"
5.35.38.15 - - [19/Dec/2025:18:04:24 +0000] "GET /2025/11/26/casino-libourne/ HTTP/1.1" 200 3504 "-" "Mozilla/5.0 (X11; Linux i686) AppleWebKit/537.36 (KHTML, like Gecko) Chrome/114.0.0.0 Safari/537.36 Vivaldi/5.3.2679.68"
5.35.38.15 - - [19/Dec/2025:18:14:07 +0000] "GET /2025/11/26/casino-libourne/ HTTP/1.1" 200 3504 "-" "Mozilla/5.0 (X11; Linux i686) AppleWebKit/537.36 (KHTML, like Gecko) Chrome/114.0.0.0 Safari/537.36 Vivaldi/5.3.2679.68"
147.135.213.175 - - [19/Dec/2025:18:20:08 +0000] "GET /robots.txt HTTP/1.1" 200 102 "-" "Mozilla/5.0 (compatible; MJ12bot/v1.4.8; http://mj12bot.com/)"
147.135.213.175 - - [19/Dec/2025:18:20:12 +0000] "GET /2025/11/28/pinco-casino-mma-temali-bonuslar-doyus-gec%C9%99sin%C9%99-oz%C9%99l-aksiyalar-v%C9%99-genis-m%C9%99rcl%C9%99r-t%C9%99klif-ed%C9%99n-pes%C9%99kar-ekosistem%C9%99-malikdir/feed/ HTTP/1.1" 200 3504 "-" "Mozilla/5.0 (compatible; MJ12bot/v1.4.8; http://mj12bot.com/)"
66.249.68.1 - - [19/Dec/2025:18:20:19 +0000] "GET /goods/17924786.htm HTTP/1.1" 200 3504 "-" "Mozilla/5.0 (Linux; Android 6.0.1; Nexus 5X Build/MMB29P) AppleWebKit/537.36 (KHTML, like Gecko) Chrome/141.0.7390.122 Mobile Safari/537.36 (compatible; Googlebot/2.1; +http://www.google.com/bot.html)"
147.135.213.175 - - [19/Dec/2025:18:20:24 +0000] "GET /2025/11/28/pinco-casino-mma-temali-bonuslar-doyus-gec%C9%99sin%C9%99-oz%C9%99l-aksiyalar-v%C9%99-genis-m%C9%99rcl%C9%99r-t%C9%99klif-ed%C9%99n-pes%C9%99kar-ekosistem%C9%99-malikdir/ HTTP/1.1" 200 3504 "-" "Mozilla/5.0 (compatible; MJ12bot/v1.4.8; http://mj12bot.com/)"
147.135.213.175 - - [19/Dec/2025:18:20:28 +0000] "GET /2025/11/29/pinco-casino-mma-doyuscul%C9%99rinin-stilin%C9%99-v%C9%99-performansina-uygunlasdirilmis-analitik-slotlar-v%C9%99-xususi-oyun-seriyalari-il%C9%99-secilir/feed/ HTTP/1.1" 200 3504 "-" "Mozilla/5.0 (compatible; MJ12bot/v1.4.8; http://mj12bot.com/)"
147.135.213.175 - - [19/Dec/2025:18:20:32 +0000] "GET /2025/11/29/pinco-casino-mma-doyuscul%C9%99rinin-stilin%C9%99-v%C9%99-performansina-uygunlasdirilmis-analitik-slotlar-v%C9%99-xususi-oyun-seriyalari-il%C9%99-secilir/ HTTP/1.1" 200 3504 "-" "Mozilla/5.0 (compatible; MJ12bot/v1.4.8; http://mj12bot.com/)"
147.135.213.175 - - [19/Dec/2025:18:20:37 +0000] "GET /2025/11/29/pubg-matclarinda-uduzduqdan-sonra-elvinin-%C9%99n-boyuk-problemi-emosional-sabitliyi-itirm%C9%99si-idi-g%C9%99rginlik-o-q%C9%99d%C9%99r-artirdi-ki-artiq-h%C9%99r-s%C9%99s%C9%99-sicrayir-h%C9%99r-it/ HTTP/1.1" 200 3504 "-" "Mozilla/5.0 (compatible; MJ12bot/v1.4.8; http://mj12bot.com/)"
66.249.68.1 - - [19/Dec/2025:18:21:04 +0000] "GET /goods/16351450.htm HTTP/1.1" 200 3504 "-" "Mozilla/5.0 (Linux; Android 6.0.1; Nexus 5X Build/MMB29P) AppleWebKit/537.36 (KHTML, like Gecko) Chrome/141.0.7390.122 Mobile Safari/537.36 (compatible; Googlebot/2.1; +http://www.google.com/bot.html)"
5.35.38.15 - - [19/Dec/2025:18:26:23 +0000] "GET /2025/11/26/casino-libourne/ HTTP/1.1" 200 3504 "-" "Mozilla/5.0 (X11; Linux i686) AppleWebKit/537.36 (KHTML, like Gecko) Chrome/114.0.0.0 Safari/537.36 Vivaldi/5.3.2679.68"
5.35.38.15 - - [19/Dec/2025:18:33:31 +0000] "GET /2025/11/26/casino-libourne/ HTTP/1.1" 200 3504 "-" "Mozilla/5.0 (X11; Linux i686) AppleWebKit/537.36 (KHTML, like Gecko) Chrome/114.0.0.0 Safari/537.36 Vivaldi/5.3.2679.68"
5.35.38.15 - - [19/Dec/2025:18:44:30 +0000] "GET /2025/11/26/casino-libourne/ HTTP/1.1" 200 3504 "-" "Mozilla/5.0 (X11; Linux i686) AppleWebKit/537.36 (KHTML, like Gecko) Chrome/114.0.0.0 Safari/537.36 Vivaldi/5.3.2679.68"
74.125.150.1 - - [19/Dec/2025:18:45:41 +0000] "GET /goods/18557666.htm HTTP/1.1" 200 3504 "-" "Mozilla/5.0 (X11; Linux x86_64) AppleWebKit/537.36 (KHTML, like Gecko) Chrome/141.0.7390.122 Safari/537.36"
93.158.90.31 - - [19/Dec/2025:18:52:42 +0000] "GET / HTTP/1.1" 200 54469 "http://liza.harmonygardens.ie" "Mozilla/5.0 (Android 14; Mobile; rv:123.0) Gecko/123.0 Firefox/123"
15.235.59.82 - - [19/Dec/2025:18:58:43 +0000] "POST /xmlrpc.php HTTP/2.0" 403 199 "-" "Mozilla/5.0 (Windows NT 10.0; Win64; x64) AppleWebKit/537.36 (KHTML, like Gecko) Chrome/127.0.0.0 Safari/537.36"
185.224.198.91 - - [19/Dec/2025:19:02:39 +0000] "POST /wp-cron.php?doing_wp_cron=1766170959.1804699897766113281250 HTTP/1.1" 200 1 "-" "WordPress/6.9; https://liza.harmonygardens.ie"
91.218.64.199 - - [19/Dec/2025:19:06:36 +0000] "GET /wp-login.php HTTP/1.1" 200 54469 "http://liza.harmonygardens.ie/wp-login.php" "Mozilla/5.0 (X11; Ubuntu; Linux x86_64; rv:85.0) Gecko/20100101 Firefox/91.0"
91.218.64.199 - - [19/Dec/2025:19:06:36 +0000] "GET /wp-login.php HTTP/1.1" 200 54469 "http://liza.harmonygardens.ie/wp-login.php" "Mozilla/5.0 (X11; Ubuntu; Linux x86_64; rv:85.0) Gecko/20100101 Firefox/91.0"
91.218.64.199 - - [19/Dec/2025:19:06:36 +0000] "GET /wp-login.php HTTP/1.1" 200 54469 "http://liza.harmonygardens.ie/wp-login.php" "Mozilla/5.0 (X11; Ubuntu; Linux x86_64; rv:85.0) Gecko/20100101 Firefox/91.0"
91.218.64.199 - - [19/Dec/2025:19:06:36 +0000] "GET /wp-login.php HTTP/1.1" 200 54469 "http://liza.harmonygardens.ie/wp-login.php" "Mozilla/5.0 (X11; Ubuntu; Linux x86_64; rv:85.0) Gecko/20100101 Firefox/91.0"
91.218.64.199 - - [19/Dec/2025:19:06:36 +0000] "GET /wp-login.php HTTP/1.1" 200 54469 "http://liza.harmonygardens.ie/wp-login.php" "Mozilla/5.0 (X11; Ubuntu; Linux x86_64; rv:85.0) Gecko/20100101 Firefox/91.0"
91.218.64.199 - - [19/Dec/2025:19:06:39 +0000] "GET /wp-login.php HTTP/1.1" 200 54469 "-" "Mozilla/5.0 (X11; Ubuntu; Linux x86_64; rv:85.0) Gecko/20100101 Firefox/91.0"
91.218.64.199 - - [19/Dec/2025:19:06:39 +0000] "GET /wp-login.php HTTP/1.1" 200 54469 "-" "Mozilla/5.0 (X11; Ubuntu; Linux x86_64; rv:85.0) Gecko/20100101 Firefox/91.0"
91.218.64.199 - - [19/Dec/2025:19:06:39 +0000] "GET /wp-login.php HTTP/1.1" 200 54469 "-" "Mozilla/5.0 (X11; Ubuntu; Linux x86_64; rv:85.0) Gecko/20100101 Firefox/91.0"
91.218.64.199 - - [19/Dec/2025:19:06:39 +0000] "GET /wp-login.php HTTP/1.1" 200 54469 "-" "Mozilla/5.0 (X11; Ubuntu; Linux x86_64; rv:85.0) Gecko/20100101 Firefox/91.0"
91.218.64.199 - - [19/Dec/2025:19:06:39 +0000] "GET /wp-login.php HTTP/1.1" 200 54469 "-" "Mozilla/5.0 (X11; Ubuntu; Linux x86_64; rv:85.0) Gecko/20100101 Firefox/91.0"
91.218.64.199 - - [19/Dec/2025:19:06:39 +0000] "POST /wp-login.php HTTP/1.1" 200 54469 "-" "Mozilla/5.0 (X11; Ubuntu; Linux x86_64; rv:85.0) Gecko/20100101 Firefox/91.0"
91.218.64.199 - - [19/Dec/2025:19:06:39 +0000] "POST /wp-login.php HTTP/1.1" 200 54469 "-" "Mozilla/5.0 (X11; Ubuntu; Linux x86_64; rv:85.0) Gecko/20100101 Firefox/91.0"
91.218.64.199 - - [19/Dec/2025:19:06:39 +0000] "POST /wp-login.php HTTP/1.1" 200 54469 "-" "Mozilla/5.0 (X11; Ubuntu; Linux x86_64; rv:85.0) Gecko/20100101 Firefox/91.0"
91.218.64.199 - - [19/Dec/2025:19:06:39 +0000] "POST /wp-login.php HTTP/1.1" 200 54469 "-" "Mozilla/5.0 (X11; Ubuntu; Linux x86_64; rv:85.0) Gecko/20100101 Firefox/91.0"
91.218.64.199 - - [19/Dec/2025:19:06:39 +0000] "POST /wp-login.php HTTP/1.1" 200 54469 "-" "Mozilla/5.0 (X11; Ubuntu; Linux x86_64; rv:85.0) Gecko/20100101 Firefox/91.0"
185.224.198.91 - - [19/Dec/2025:19:07:34 +0000] "POST /wp-cron.php?doing_wp_cron=1766171254.5281810760498046875000 HTTP/1.1" 200 1 "-" "WordPress/6.9; https://liza.harmonygardens.ie"
185.224.198.91 - - [19/Dec/2025:19:10:23 +0000] "POST /wp-cron.php?doing_wp_cron=1766171423.5551059246063232421875 HTTP/1.1" 200 1 "-" "WordPress/6.9; https://liza.harmonygardens.ie"
185.224.198.91 - - [19/Dec/2025:19:13:27 +0000] "POST /wp-cron.php?doing_wp_cron=1766171607.1420409679412841796875 HTTP/1.1" 200 1 "-" "WordPress/6.9; https://liza.harmonygardens.ie"
185.224.198.91 - - [19/Dec/2025:19:14:37 +0000] "POST /wp-cron.php?doing_wp_cron=1766171677.3169710636138916015625 HTTP/1.1" 200 1 "-" "WordPress/6.9; https://liza.harmonygardens.ie"
216.73.216.209 - - [19/Dec/2025:19:25:13 +0000] "GET /robots.txt HTTP/2.0" 200 89 "-" "Mozilla/5.0 AppleWebKit/537.36 (KHTML, like Gecko; compatible; ClaudeBot/1.0; +claudebot@anthropic.com)"
146.174.191.93 - - [19/Dec/2025:19:25:12 +0000] "GET /2025/11/25/casino-ohne-lizenz-ohne-600-sekunden-regel-2025/ HTTP/1.1" 200 54469 "-" "Mozilla/5.0 (Windows; U; Windows NT 6.1; en-GB; rv:1.9.2.3) Gecko/20100401 Firefox/3.6;MEGAUPLOAD 1.0"
216.73.216.209 - - [19/Dec/2025:19:25:14 +0000] "GET /2025/11/25/spartacus-gladiator-of-rome-casino HTTP/2.0" 200 3504 "-" "Mozilla/5.0 AppleWebKit/537.36 (KHTML, like Gecko; compatible; ClaudeBot/1.0; +claudebot@anthropic.com)"
216.73.216.209 - - [19/Dec/2025:19:28:01 +0000] "GET /2025/11/25/spin-palace-online-casino-espa-ol/feed HTTP/2.0" 200 3504 "-" "Mozilla/5.0 AppleWebKit/537.36 (KHTML, like Gecko; compatible; ClaudeBot/1.0; +claudebot@anthropic.com)"
185.224.198.91 - - [19/Dec/2025:19:28:42 +0000] "POST /wp-cron.php?doing_wp_cron=1766172522.6618280410766601562500 HTTP/1.1" 200 1 "-" "WordPress/6.9; https://liza.harmonygardens.ie"
34.145.134.89 - - [19/Dec/2025:19:29:19 +0000] "HEAD /wordpress/ HTTP/2.0" 200 - "http://liza.harmonygardens.ie/wordpress/" "Mozilla/5.0 (Linux; Android 13; Pixel 7a) AppleWebKit/537.36 (KHTML, like Gecko) Chrome/124.0.6367.82 Mobile Safari/537.36"
34.145.134.89 - - [19/Dec/2025:19:29:20 +0000] "HEAD /old/ HTTP/2.0" 200 - "http://liza.harmonygardens.ie/old/" "Mozilla/5.0 (Linux; Android 13; Infinix X688B) AppleWebKit/537.36 (KHTML, like Gecko) Chrome/124.0.6367.48 Mobile Safari/537.36"
34.145.134.89 - - [19/Dec/2025:19:29:20 +0000] "HEAD /wp/ HTTP/2.0" 200 - "http://liza.harmonygardens.ie/wp/" "Mozilla/5.0 (iPhone; CPU iPhone OS 16_7 like Mac OS X) AppleWebKit/605.1.15 (KHTML, like Gecko) Version/16.7 Mobile/15E148 Safari/604.1"
34.145.134.89 - - [19/Dec/2025:19:29:21 +0000] "HEAD / HTTP/2.0" 200 - "http://liza.harmonygardens.ie/" "Mozilla/5.0 (Linux; Android 13; Nokia G42 5G) AppleWebKit/537.36 (KHTML, like Gecko) Chrome/126.0.6478.41 Mobile Safari/537.36"
34.145.134.89 - - [19/Dec/2025:19:29:21 +0000] "HEAD /backup/ HTTP/2.0" 200 - "http://liza.harmonygardens.ie/backup/" "Mozilla/5.0 (Windows NT 10.0; Win64; x64; rv:127.0) Gecko/20100101 Firefox/127.0"
34.145.134.89 - - [19/Dec/2025:19:29:21 +0000] "HEAD /blog/ HTTP/2.0" 200 - "http://liza.harmonygardens.ie/blog/" "Mozilla/5.0 (Linux; Android 13; Infinix X688B) AppleWebKit/537.36 (KHTML, like Gecko) Chrome/124.0.6367.48 Mobile Safari/537.36"
34.145.134.89 - - [19/Dec/2025:19:29:21 +0000] "HEAD /new/ HTTP/2.0" 200 - "http://liza.harmonygardens.ie/new/" "Mozilla/5.0 (Linux; Android 11; RMX2195) AppleWebKit/537.36 (KHTML, like Gecko) Chrome/120.0.6099.210 Mobile Safari/537.36 OPR/75.2.3995.72468"
185.224.198.91 - - [19/Dec/2025:19:35:14 +0000] "POST /wp-cron.php?doing_wp_cron=1766172914.7925419807434082031250 HTTP/1.1" 200 1 "-" "WordPress/6.9; https://liza.harmonygardens.ie"
47.128.37.221 - - [19/Dec/2025:19:38:50 +0000] "GET /2025/11/25/zoome-casino-download/ HTTP/2.0" 200 3504 "-" "Mozilla/5.0 (Linux; Android 5.0) AppleWebKit/537.36 (KHTML, like Gecko) Mobile Safari/537.36 (compatible; Bytespider; spider-feedback@bytedance.com)"
185.224.198.91 - - [19/Dec/2025:19:42:16 +0000] "POST /wp-cron.php?doing_wp_cron=1766173336.1166970729827880859375 HTTP/1.1" 200 1 "-" "WordPress/6.9; https://liza.harmonygardens.ie"
47.128.42.119 - - [19/Dec/2025:19:42:29 +0000] "GET /robots.txt HTTP/1.1" 200 102 "-" "Mozilla/5.0 (Linux; Android 5.0) AppleWebKit/537.36 (KHTML, like Gecko) Mobile Safari/537.36 (compatible; Bytespider; spider-feedback@bytedance.com)"
198.98.51.29 - - [19/Dec/2025:19:48:54 +0000] "GET /wp-login.php HTTP/1.1" 200 54469 "-" "Mozilla/5.0 (Macintosh; Intel Mac OS X 10_7_5) AppleWebKit/537.36 (KHTML, like Gecko) Chrome/36.0.1985.125 Safari/537.36"
198.98.51.29 - - [19/Dec/2025:19:48:56 +0000] "POST /wp-login.php HTTP/1.1" 200 54469 "-" "Mozilla/5.0 (Macintosh; Intel Mac OS X 10_7_5) AppleWebKit/537.36 (KHTML, like Gecko) Chrome/36.0.1985.125 Safari/537.36"
185.224.198.91 - - [19/Dec/2025:19:48:59 +0000] "POST /wp-cron.php?doing_wp_cron=1766173739.7924060821533203125000 HTTP/1.1" 200 1 "-" "WordPress/6.9; https://liza.harmonygardens.ie"
202.76.174.67 - - [19/Dec/2025:19:55:12 +0000] "GET /category/uncategorized/page/13/ HTTP/1.1" 200 54469 "-" "Mozilla/5.0 (Windows; U; Windows NT 6.1; zh-TW; rv:1.9.2.4) Gecko/20100611 Firefox/3.6.4 ( .NET CLR 3.5.30729)"
185.224.198.91 - - [19/Dec/2025:19:56:00 +0000] "POST /wp-cron.php?doing_wp_cron=1766174160.8235790729522705078125 HTTP/1.1" 200 1 "-" "WordPress/6.9; https://liza.harmonygardens.ie"
185.224.198.91 - - [19/Dec/2025:20:03:16 +0000] "POST /wp-cron.php?doing_wp_cron=1766174596.0193901062011718750000 HTTP/1.1" 200 1 "-" "WordPress/6.9; https://liza.harmonygardens.ie"
185.224.198.91 - - [19/Dec/2025:20:10:30 +0000] "POST /wp-cron.php?doing_wp_cron=1766175030.9505729675292968750000 HTTP/1.1" 200 1 "-" "WordPress/6.9; https://liza.harmonygardens.ie"
66.249.68.1 - - [19/Dec/2025:20:13:29 +0000] "GET /goods/17596654.htm HTTP/1.1" 200 3504 "-" "Mozilla/5.0 (Linux; Android 6.0.1; Nexus 5X Build/MMB29P) AppleWebKit/537.36 (KHTML, like Gecko) Chrome/141.0.7390.122 Mobile Safari/537.36 (compatible; Googlebot/2.1; +http://www.google.com/bot.html)"
57.129.81.227 - - [19/Dec/2025:20:16:08 +0000] "GET /2022/01/23/best-adult-telegram-channels/ HTTP/1.1" 200 3504 "-" "Mozilla/5.0 (Windows NT 10.0; Win64; x64) AppleWebKit/537.36 (KHTML, like Gecko) Chrome/139.0.0.0 Safari/537.36"
57.129.81.227 - - [19/Dec/2025:20:16:46 +0000] "GET /2025/11/24/online-casino-euros/ HTTP/1.1" 200 3504 "-" "Mozilla/5.0 (Windows NT 10.0; Win64; x64) AppleWebKit/537.36 (KHTML, like Gecko) Chrome/139.0.0.0 Safari/537.36"
176.115.147.78 - - [19/Dec/2025:20:11:56 +0000] "GET / HTTP/1.1" 200 54469 "-" "Mozilla/5.0 (Windows NT 10.0; Win64; x64) AppleWebKit/537.36 (KHTML, like Gecko) Chrome/58.0.3029.110 Safari/537.36"
176.115.147.78 - - [19/Dec/2025:20:12:18 +0000] "GET / HTTP/1.1" 200 54469 "-" "Mozilla/5.0 (Windows NT 10.0; Win64; x64) AppleWebKit/537.36 (KHTML, like Gecko) Chrome/58.0.3029.110 Safari/537.36"
185.224.198.91 - - [19/Dec/2025:20:19:09 +0000] "POST /wp-cron.php?doing_wp_cron=1766175549.9644839763641357421875 HTTP/1.1" 200 1 "-" "WordPress/6.9; https://liza.harmonygardens.ie"
185.224.198.91 - - [19/Dec/2025:20:28:01 +0000] "POST /wp-cron.php?doing_wp_cron=1766176081.7345409393310546875000 HTTP/1.1" 200 1 "-" "WordPress/6.9; https://liza.harmonygardens.ie"
185.224.198.91 - - [19/Dec/2025:20:36:42 +0000] "POST /wp-cron.php?doing_wp_cron=1766176602.5261490345001220703125 HTTP/1.1" 200 1 "-" "WordPress/6.9; https://liza.harmonygardens.ie"
8.160.37.247 - - [19/Dec/2025:20:36:46 +0000] "GET /2025/11/27/casino-bonus-ohne-einzahlung-2018/ HTTP/2.0" 200 54469 "-" "Mozilla/5.0 (Macintosh; Intel Mac OS X 10_15_7) AppleWebKit/537.36 (KHTML, like Gecko) Chrome/134.0.0.0 Safari/537.36"
129.232.249.214 - - [19/Dec/2025:20:42:37 +0000] "HEAD /2025/11/26/casino-age-legal/ HTTP/1.1" 200 - "-" "WordPress/6.9; https://ubuntugaz.ypdigital.co.za"
185.224.198.91 - - [19/Dec/2025:20:45:32 +0000] "POST /wp-cron.php?doing_wp_cron=1766177132.2885799407958984375000 HTTP/1.1" 200 1 "-" "WordPress/6.9; https://liza.harmonygardens.ie"
109.107.227.73 - - [19/Dec/2025:20:47:02 +0000] "GET /2025/11/26/casino-libourne/ HTTP/1.1" 200 3504 "-" "Mozilla/5.0 (Windows; U; Windows NT 11.0) AppleWebKit/533.39.7 (KHTML, like Gecko) Version/4.0.1 Safari/533.39.7"
66.249.68.8 - - [19/Dec/2025:20:47:37 +0000] "GET /goods/18205882.htm HTTP/1.1" 200 3504 "-" "Mozilla/5.0 (Linux; Android 6.0.1; Nexus 5X Build/MMB29P) AppleWebKit/537.36 (KHTML, like Gecko) Chrome/141.0.7390.122 Mobile Safari/537.36 (compatible; Googlebot/2.1; +http://www.google.com/bot.html)"
5.35.38.15 - - [19/Dec/2025:20:47:46 +0000] "GET /wp-login.php HTTP/1.1" 200 3504 "http://liza.harmonygardens.ie/wp-login.php" "Mozilla/5.0 (X11; Fedora; Linux x86_64; rv:114.0) Gecko/20100101 Firefox/114.0"
