4.217.239.238 - - [20/Dec/2025:07:01:49 +0000] "GET /wp-includes/ID3/ HTTP/1.1" 403 199 "https://www.google.co.uk/" "Mozilla/5.0 (iPhone; CPU iPhone OS 16_6_1 like Mac OS X) AppleWebKit/605.1.15 (KHTML, like Gecko) Version/16.6 Mobile/15E148 Safari/604.1"
4.217.239.238 - - [20/Dec/2025:07:01:50 +0000] "GET /wp-includes/ID3/simi.php HTTP/1.1" 403 199 "https://www.yahoo.com/" "Mozilla/5.0 (iPhone; CPU iPhone OS 15_7_9 like Mac OS X) AppleWebKit/605.1.15 (KHTML, like Gecko) Version/15.6.5 Mobile/15E148 Safari/604.1"
4.217.239.238 - - [20/Dec/2025:07:01:50 +0000] "GET /wp-includes/IXR/ HTTP/1.1" 403 199 "https://www.google.co.uk/" "Mozilla/5.0 (iPad; CPU OS 17_0_3 like Mac OS X) AppleWebKit/605.1.15 (KHTML, like Gecko) Version/17.0.1 Mobile/15E148 Safari/604.1"
4.217.239.238 - - [20/Dec/2025:07:01:51 +0000] "GET /wp-includes/PHPMailer/index.php HTTP/1.1" 403 199 "https://www.google.de/" "Mozilla/5.0 (Linux; Android 12; SM-A525F) AppleWebKit/537.36 (KHTML, like Gecko) Chrome/117.0.0.0 Mobile Safari/537.36"
4.217.239.238 - - [20/Dec/2025:07:01:51 +0000] "GET /wp-includes/Requests/index.php HTTP/1.1" 403 199 "https://www.yahoo.com/" "Mozilla/5.0 (iPhone; CPU iPhone OS 17_1 like Mac OS X) AppleWebKit/605.1.15 (KHTML, like Gecko) CriOS/119.0.6045.109 Mobile/15E148 Safari/604.1"
4.217.239.238 - - [20/Dec/2025:07:01:52 +0000] "GET /wp-includes/SimplePie/autoload_classmap.php HTTP/1.1" 403 199 "https://www.google.com/" "Mozilla/5.0 (iPad; CPU OS 17_0_3 like Mac OS X) AppleWebKit/605.1.15 (KHTML, like Gecko) Version/17.0.1 Mobile/15E148 Safari/604.1"
4.217.239.238 - - [20/Dec/2025:07:01:53 +0000] "GET /wp-includes/SimplePie/index.php HTTP/1.1" 403 199 "https://www.google.de/" "Mozilla/5.0 (iPhone; CPU iPhone OS 15_7_9 like Mac OS X) AppleWebKit/605.1.15 (KHTML, like Gecko) Version/15.6.5 Mobile/15E148 Safari/604.1"
4.217.239.238 - - [20/Dec/2025:07:01:53 +0000] "GET /wp-includes/Text/ HTTP/1.1" 403 199 "https://www.yahoo.com/" "Mozilla/5.0 (Linux; Android 13; M2101K6G) AppleWebKit/537.36 (KHTML, like Gecko) Chrome/116.0.0.0 Mobile Safari/537.36"
4.217.239.238 - - [20/Dec/2025:07:01:54 +0000] "GET /wp-includes/Text/Diff/Engine/ HTTP/1.1" 403 199 "https://www.google.co.uk/" "Mozilla/5.0 (Linux; Android 13; SM-G991U) AppleWebKit/537.36 (KHTML, like Gecko) Chrome/117.0.0.0 Mobile Safari/537.36"
4.217.239.238 - - [20/Dec/2025:07:01:54 +0000] "GET /wp-includes/Text/Diff/Renderer/index.php HTTP/1.1" 403 199 "https://www.yahoo.com/" "Mozilla/5.0 (iPhone; CPU iPhone OS 16_0 like Mac OS X) AppleWebKit/605.1.15 (KHTML, like Gecko) FxiOS/118.0 Mobile/15E148 Safari/605.1.15"
4.217.239.238 - - [20/Dec/2025:07:01:55 +0000] "GET /wp-includes/assets/autoload_classmap.php HTTP/1.1" 403 199 "https://duckduckgo.com/" "Mozilla/5.0 (iPhone; CPU iPhone OS 17_1 like Mac OS X) AppleWebKit/605.1.15 (KHTML, like Gecko) CriOS/119.0.6045.109 Mobile/15E148 Safari/604.1"
4.217.239.238 - - [20/Dec/2025:07:01:55 +0000] "GET /wp-includes/bk/index.php HTTP/1.1" 200 54468 "https://www.google.de/" "Mozilla/5.0 (Linux; Android 14; Pixel 8 Pro) AppleWebKit/537.36 (KHTML, like Gecko) Chrome/119.0.0.0 Mobile Safari/537.36"
4.217.239.238 - - [20/Dec/2025:07:01:57 +0000] "GET /wp-includes/block-bindings/ HTTP/1.1" 403 199 "https://www.google.com/" "Mozilla/5.0 (Linux; Android 12; 2201116SG) AppleWebKit/537.36 (KHTML, like Gecko) Chrome/116.0.0.0 Mobile Safari/537.36"
4.217.239.238 - - [20/Dec/2025:07:01:57 +0000] "GET /wp-includes/block-supports/ HTTP/1.1" 403 199 "https://www.yahoo.com/" "Mozilla/5.0 (Linux; Android 13; SM-G991U) AppleWebKit/537.36 (KHTML, like Gecko) Chrome/117.0.0.0 Mobile Safari/537.36"
4.217.239.238 - - [20/Dec/2025:07:01:58 +0000] "GET /wp-includes/blocks/code/ HTTP/1.1" 403 199 "https://www.google.de/" "Mozilla/5.0 (iPhone; CPU iPhone OS 17_1_1 like Mac OS X) AppleWebKit/605.1.15 (KHTML, like Gecko) Version/17.1 Mobile/15E148 Safari/604.1"
4.217.239.238 - - [20/Dec/2025:07:01:58 +0000] "GET /wp-includes/certificates/ HTTP/1.1" 403 199 "https://www.bing.com/" "Mozilla/5.0 (Linux; Android 10; LM-Q720) AppleWebKit/537.36 (KHTML, like Gecko) Chrome/116.0.0.0 Mobile Safari/537.36"
4.217.239.238 - - [20/Dec/2025:07:01:59 +0000] "GET /wp-includes/css/autoload_classmap.php HTTP/1.1" 403 199 "https://www.yahoo.com/" "Mozilla/5.0 (iPhone; CPU iPhone OS 16_6_1 like Mac OS X) AppleWebKit/605.1.15 (KHTML, like Gecko) Version/16.6 Mobile/15E148 Safari/604.1"
4.217.239.238 - - [20/Dec/2025:07:02:00 +0000] "GET /wp-includes/customize/chosen.php HTTP/1.1" 403 199 "https://www.bing.com/" "Mozilla/5.0 (Linux; Android 13; SM-G991U) AppleWebKit/537.36 (KHTML, like Gecko) Chrome/117.0.0.0 Mobile Safari/537.36"
4.217.239.238 - - [20/Dec/2025:07:02:00 +0000] "GET /wp-includes/html-api/index.php HTTP/1.1" 403 199 "https://duckduckgo.com/" "Mozilla/5.0 (Linux; Android 10; K) AppleWebKit/537.36 (KHTML, like Gecko) Chrome/117.0.0.0 Mobile Safari/537.36"
4.217.239.238 - - [20/Dec/2025:07:02:01 +0000] "GET /wp-includes/images/ HTTP/1.1" 403 199 "https://www.yahoo.com/" "Mozilla/5.0 (Linux; Android 10; LM-Q720) AppleWebKit/537.36 (KHTML, like Gecko) Chrome/116.0.0.0 Mobile Safari/537.36"
4.217.239.238 - - [20/Dec/2025:07:02:01 +0000] "GET /wp-includes/index.php HTTP/1.1" 403 199 "https://www.bing.com/" "Mozilla/5.0 (Linux; Android 11; CPH2251) AppleWebKit/537.36 (KHTML, like Gecko) Chrome/116.0.0.0 Mobile Safari/537.36"
4.217.239.238 - - [20/Dec/2025:07:02:02 +0000] "GET /wp-includes/js/codemirror/index.php HTTP/1.1" 403 199 "https://www.google.co.uk/" "Mozilla/5.0 (iPhone; CPU iPhone OS 17_1_1 like Mac OS X) AppleWebKit/605.1.15 (KHTML, like Gecko) Version/17.1 Mobile/15E148 Safari/604.1"
4.217.239.238 - - [20/Dec/2025:07:02:02 +0000] "GET /wp-includes/js/crop/ HTTP/1.1" 403 199 "https://www.google.fr/" "Mozilla/5.0 (iPad; CPU OS 16_7_2 like Mac OS X) AppleWebKit/605.1.15 (KHTML, like Gecko) Version/16.6 Mobile/15E148 Safari/604.1"
4.217.239.238 - - [20/Dec/2025:07:02:03 +0000] "GET /wp-includes/js/dist/ HTTP/1.1" 403 199 "https://www.google.fr/" "Mozilla/5.0 (iPhone; CPU iPhone OS 17_1 like Mac OS X) AppleWebKit/605.1.15 (KHTML, like Gecko) CriOS/119.0.6045.109 Mobile/15E148 Safari/604.1"
4.217.239.238 - - [20/Dec/2025:07:02:03 +0000] "GET /wp-includes/js/dist/development/ HTTP/1.1" 403 199 "https://www.google.com/" "Mozilla/5.0 (Linux; Android 14; Pixel 8 Pro) AppleWebKit/537.36 (KHTML, like Gecko) Chrome/119.0.0.0 Mobile Safari/537.36"
4.217.239.238 - - [20/Dec/2025:07:02:04 +0000] "GET /wp-includes/js/jquery/jquery.php HTTP/1.1" 403 199 "https://www.google.com/" "Mozilla/5.0 (iPad; CPU OS 17_0_3 like Mac OS X) AppleWebKit/605.1.15 (KHTML, like Gecko) Version/17.0.1 Mobile/15E148 Safari/604.1"
4.217.239.238 - - [20/Dec/2025:07:02:04 +0000] "GET /wp-includes/pomo/index.php HTTP/1.1" 403 199 "https://www.google.co.uk/" "Mozilla/5.0 (iPhone; CPU iPhone OS 17_1_1 like Mac OS X) AppleWebKit/605.1.15 (KHTML, like Gecko) Version/17.1 Mobile/15E148 Safari/604.1"
4.217.239.238 - - [20/Dec/2025:07:02:05 +0000] "GET /wp-includes/random_compat/index.php HTTP/1.1" 200 54468 "https://www.bing.com/" "Mozilla/5.0 (Linux; Android 10; LM-Q720) AppleWebKit/537.36 (KHTML, like Gecko) Chrome/116.0.0.0 Mobile Safari/537.36"
4.217.239.238 - - [20/Dec/2025:07:02:07 +0000] "GET /wp-includes/rest-api/fields/ HTTP/1.1" 403 199 "https://www.yahoo.com/" "Mozilla/5.0 (iPad; CPU OS 17_0_3 like Mac OS X) AppleWebKit/605.1.15 (KHTML, like Gecko) Version/17.0.1 Mobile/15E148 Safari/604.1"
4.217.239.238 - - [20/Dec/2025:07:02:07 +0000] "GET /wp-includes/rest-api/index.php HTTP/1.1" 403 199 "https://www.yahoo.com/" "Mozilla/5.0 (Linux; Android 12; V2134) AppleWebKit/537.36 (KHTML, like Gecko) Chrome/116.0.0.0 Mobile Safari/537.36"
4.217.239.238 - - [20/Dec/2025:07:02:08 +0000] "GET /wp-includes/sitemaps/autoload_classmap.php HTTP/1.1" 403 199 "https://www.google.co.uk/" "Mozilla/5.0 (iPhone; CPU iPhone OS 15_7_9 like Mac OS X) AppleWebKit/605.1.15 (KHTML, like Gecko) Version/15.6.5 Mobile/15E148 Safari/604.1"
4.217.239.238 - - [20/Dec/2025:07:02:08 +0000] "GET /wp-includes/sitemaps/providers/index.php HTTP/1.1" 403 199 "https://www.google.com/" "Mozilla/5.0 (Linux; Android 11; 21081111RG) AppleWebKit/537.36 (KHTML, like Gecko) Chrome/116.0.0.0 Mobile Safari/537.36"
4.217.239.238 - - [20/Dec/2025:07:02:09 +0000] "GET /wp-includes/style-engine/autoload_classmap.php HTTP/1.1" 403 199 "https://www.google.co.uk/" "Mozilla/5.0 (iPhone; CPU iPhone OS 16_0 like Mac OS X) AppleWebKit/605.1.15 (KHTML, like Gecko) FxiOS/118.0 Mobile/15E148 Safari/605.1.15"
4.217.239.238 - - [20/Dec/2025:07:02:09 +0000] "GET /wp-includes/style-engine/wp-conflg.php HTTP/1.1" 403 199 "https://www.google.com/" "Mozilla/5.0 (Linux; Android 13; SM-S908E) AppleWebKit/537.36 (KHTML, like Gecko) Chrome/116.0.0.0 Mobile Safari/537.36"
4.217.239.238 - - [20/Dec/2025:07:02:10 +0000] "GET /wp-includes/theme-compat/ HTTP/1.1" 403 199 "https://www.google.com/" "Mozilla/5.0 (Linux; Android 11; 21081111RG) AppleWebKit/537.36 (KHTML, like Gecko) Chrome/116.0.0.0 Mobile Safari/537.36"
4.217.239.238 - - [20/Dec/2025:07:02:10 +0000] "GET /wp-login.php HTTP/1.1" 200 54468 "https://www.google.de/" "Mozilla/5.0 (iPhone; CPU iPhone OS 16_0 like Mac OS X) AppleWebKit/605.1.15 (KHTML, like Gecko) FxiOS/118.0 Mobile/15E148 Safari/605.1.15"
4.217.239.238 - - [20/Dec/2025:07:02:11 +0000] "GET /wp-signin.php HTTP/1.1" 403 199 "https://www.google.co.uk/" "Mozilla/5.0 (Linux; Android 13; M2101K6G) AppleWebKit/537.36 (KHTML, like Gecko) Chrome/116.0.0.0 Mobile Safari/537.36"
4.217.239.238 - - [20/Dec/2025:07:02:12 +0000] "GET /wp-user.php HTTP/1.1" 403 199 "https://www.google.co.uk/" "Mozilla/5.0 (iPhone; CPU iPhone OS 17_1_1 like Mac OS X) AppleWebKit/605.1.15 (KHTML, like Gecko) Version/17.1 Mobile/15E148 Safari/604.1"
4.217.239.238 - - [20/Dec/2025:07:02:12 +0000] "GET /wp.php HTTP/1.1" 403 199 "https://www.bing.com/" "Mozilla/5.0 (iPad; CPU OS 16_7_2 like Mac OS X) AppleWebKit/605.1.15 (KHTML, like Gecko) Version/16.6 Mobile/15E148 Safari/604.1"
4.217.239.238 - - [20/Dec/2025:07:02:13 +0000] "GET /xmlrpc.php HTTP/1.1" 403 199 "https://www.bing.com/" "Mozilla/5.0 (Linux; Android 12; V2134) AppleWebKit/537.36 (KHTML, like Gecko) Chrome/116.0.0.0 Mobile Safari/537.36"
4.217.239.238 - - [20/Dec/2025:07:02:13 +0000] "GET /xmrlpc.php HTTP/1.1" 403 199 "https://www.google.com/" "Mozilla/5.0 (iPhone; CPU iPhone OS 15_7_9 like Mac OS X) AppleWebKit/605.1.15 (KHTML, like Gecko) Version/15.6.5 Mobile/15E148 Safari/604.1"
216.73.216.209 - - [20/Dec/2025:07:02:42 +0000] "GET /2025/11/25/spin-palace-online-casino-espa-ol/feed?fileloc=%2Fhome%2Fharmonyg%2Fpublic_html%2FPlasticOuttaThePark%2Fwp-admin%2Fms-users.php&path=%2Fhome%2Fharmonyg%2Fpublic_html%2FPlasticOuttaThePark%2Fwp-admin HTTP/2.0" 200 2522 "-" "Mozilla/5.0 AppleWebKit/537.36 (KHTML, like Gecko; compatible; ClaudeBot/1.0; +claudebot@anthropic.com)"
216.73.216.209 - - [20/Dec/2025:07:02:48 +0000] "GET /2025/11/25/spin-palace-online-casino-espa-ol/feed?fileloc=%2Fhome%2Fharmonyg%2Fpublic_html%2FPlasticOuttaThePark%2Fwp-admin%2Fincludes%2Fnoop.php&path=%2Fhome%2Fharmonyg%2Fpublic_html%2FPlasticOuttaThePark%2Fwp-admin%2Fincludes HTTP/2.0" 200 2704 "-" "Mozilla/5.0 AppleWebKit/537.36 (KHTML, like Gecko; compatible; ClaudeBot/1.0; +claudebot@anthropic.com)"
216.73.216.209 - - [20/Dec/2025:07:02:51 +0000] "GET /2025/11/25/spin-palace-online-casino-espa-ol/feed?fileloc=%2Fhome%2Fharmonyg%2Fpublic_html%2FPlasticOuttaThePark%2Fwp-admin%2Fuser%2Fuser-edit.php&path=%2Fhome%2Fharmonyg%2Fpublic_html%2FPlasticOuttaThePark%2Fwp-admin%2Fuser HTTP/2.0" 200 2533 "-" "Mozilla/5.0 AppleWebKit/537.36 (KHTML, like Gecko; compatible; ClaudeBot/1.0; +claudebot@anthropic.com)"
216.73.216.209 - - [20/Dec/2025:07:02:54 +0000] "GET /2025/11/25/spin-palace-online-casino-espa-ol/feed?fileloc=%2Fhome%2Fharmonyg%2Fpublic_html%2Fnewektest%2Fwp-admin%2Fnetwork%2Findex.php&path=%2Fhome%2Fharmonyg%2Fpublic_html%2Fnewektest%2Fwp-admin%2Fnetwork HTTP/2.0" 200 3498 "-" "Mozilla/5.0 AppleWebKit/537.36 (KHTML, like Gecko; compatible; ClaudeBot/1.0; +claudebot@anthropic.com)"
216.73.216.209 - - [20/Dec/2025:07:02:57 +0000] "GET /2025/11/25/spin-palace-online-casino-espa-ol/feed?fileloc=%2Fhome%2Fharmonyg%2Fpublic_html%2Fnewektest%2Fwp-admin%2Fuser%2Fprofile.php&path=%2Fhome%2Fharmonyg%2Fpublic_html%2Fnewektest%2Fwp-admin%2Fuser HTTP/2.0" 200 2522 "-" "Mozilla/5.0 AppleWebKit/537.36 (KHTML, like Gecko; compatible; ClaudeBot/1.0; +claudebot@anthropic.com)"
216.73.216.209 - - [20/Dec/2025:07:03:00 +0000] "GET /2025/11/25/spin-palace-online-casino-espa-ol/feed?fileloc=%2Fhome%2Fharmonyg%2Fpublic_html%2Fnewektest%2Fwp-admin%2Foptions-reading.php&path=%2Fhome%2Fharmonyg%2Fpublic_html%2Fnewektest%2Fwp-admin HTTP/2.0" 200 5421 "-" "Mozilla/5.0 AppleWebKit/537.36 (KHTML, like Gecko; compatible; ClaudeBot/1.0; +claudebot@anthropic.com)"
216.73.216.209 - - [20/Dec/2025:07:03:03 +0000] "GET /2025/11/25/spin-palace-online-casino-espa-ol/feed?fileloc=%2Fhome%2Fharmonyg%2Fpublic_html%2Fnewektest%2Fwp-admin%2Fcss%2Fcustomize-widgets.css&path=%2Fhome%2Fharmonyg%2Fpublic_html%2Fnewektest%2Fwp-admin%2Fcss HTTP/2.0" 200 4873 "-" "Mozilla/5.0 AppleWebKit/537.36 (KHTML, like Gecko; compatible; ClaudeBot/1.0; +claudebot@anthropic.com)"
216.73.216.209 - - [20/Dec/2025:07:03:06 +0000] "GET /2025/11/25/spartacus-gladiator-of-rome-casino?fileloc=%2Fhome%2Fharmonyg%2Fpublic_html%2Ftest%2Fpaper%2FManchesterAcceleratorGroup-GeneralWakesTheory_eng.doc&path=%2Fhome%2Fharmonyg%2Fpublic_html%2Ftest%2Fpaper HTTP/2.0" 200 5880 "-" "Mozilla/5.0 AppleWebKit/537.36 (KHTML, like Gecko; compatible; ClaudeBot/1.0; +claudebot@anthropic.com)"
216.73.216.209 - - [20/Dec/2025:07:03:09 +0000] "GET /2025/11/25/spin-palace-online-casino-espa-ol/feed?fileloc=%2Fhome%2Fharmonyg%2Fpublic_html%2FPlasticOuttaThePark%2Fwp-admin%2Fnetwork%2Fedit.php&path=%2Fhome%2Fharmonyg%2Fpublic_html%2FPlasticOuttaThePark%2Fwp-admin%2Fnetwork HTTP/2.0" 200 2818 "-" "Mozilla/5.0 AppleWebKit/537.36 (KHTML, like Gecko; compatible; ClaudeBot/1.0; +claudebot@anthropic.com)"
216.73.216.209 - - [20/Dec/2025:07:03:12 +0000] "GET /2025/11/25/spin-palace-online-casino-espa-ol/feed?fileloc=%2Fhome%2Fharmonyg%2Fpublic_html%2Fnewektest%2Fwp-admin%2Fupdate.php&path=%2Fhome%2Fharmonyg%2Fpublic_html%2Fnewektest%2Fwp-admin HTTP/2.0" 200 5026 "-" "Mozilla/5.0 AppleWebKit/537.36 (KHTML, like Gecko; compatible; ClaudeBot/1.0; +claudebot@anthropic.com)"
216.73.216.209 - - [20/Dec/2025:07:03:15 +0000] "GET /2025/11/25/spartacus-gladiator-of-rome-casino?fileloc=%2Fhome%2Fharmonyg%2Fwww%2Fjs%2Fpinit.js&path=%2Fhome%2Fharmonyg%2Fwww%2Fjs HTTP/2.0" 200 10331 "-" "Mozilla/5.0 AppleWebKit/537.36 (KHTML, like Gecko; compatible; ClaudeBot/1.0; +claudebot@anthropic.com)"
216.73.216.209 - - [20/Dec/2025:07:03:18 +0000] "GET /2025/11/25/spin-palace-online-casino-espa-ol/feed?fileloc=%2Fhome%2Fharmonyg%2Fpublic_html%2Fnewektest%2Fwp-admin%2Fnetwork%2Fprivacy.php&path=%2Fhome%2Fharmonyg%2Fpublic_html%2Fnewektest%2Fwp-admin%2Fnetwork HTTP/2.0" 200 2529 "-" "Mozilla/5.0 AppleWebKit/537.36 (KHTML, like Gecko; compatible; ClaudeBot/1.0; +claudebot@anthropic.com)"
216.73.216.209 - - [20/Dec/2025:07:03:21 +0000] "GET /2025/11/25/spin-palace-online-casino-espa-ol/feed?fileloc=%2Fhome%2Fharmonyg%2Fpublic_html%2FPlasticOuttaThePark%2Fwp-admin%2Fauthorize-application.php&path=%2Fhome%2Fharmonyg%2Fpublic_html%2FPlasticOuttaThePark%2Fwp-admin HTTP/2.0" 200 5452 "-" "Mozilla/5.0 AppleWebKit/537.36 (KHTML, like Gecko; compatible; ClaudeBot/1.0; +claudebot@anthropic.com)"
216.73.216.209 - - [20/Dec/2025:07:03:24 +0000] "GET /2025/11/25/spin-palace-online-casino-espa-ol/feed?fileloc=%2Fhome%2Fharmonyg%2Fpublic_html%2FPlasticOuttaThePark%2Fwp-admin%2Fjs%2Fsvg-painter.min.js&path=%2Fhome%2Fharmonyg%2Fpublic_html%2FPlasticOuttaThePark%2Fwp-admin%2Fjs HTTP/2.0" 200 3150 "-" "Mozilla/5.0 AppleWebKit/537.36 (KHTML, like Gecko; compatible; ClaudeBot/1.0; +claudebot@anthropic.com)"
216.73.216.209 - - [20/Dec/2025:07:03:27 +0000] "GET /2025/11/25/spin-palace-online-casino-espa-ol/feed?fileloc=%2Fhome%2Fharmonyg%2Fpublic_html%2Fnewektest%2Fwp-admin%2Fcontribute.php&path=%2Fhome%2Fharmonyg%2Fpublic_html%2Fnewektest%2Fwp-admin HTTP/2.0" 200 4181 "-" "Mozilla/5.0 AppleWebKit/537.36 (KHTML, like Gecko; compatible; ClaudeBot/1.0; +claudebot@anthropic.com)"
185.224.198.91 - - [20/Dec/2025:07:03:28 +0000] "POST /wp-cron.php?doing_wp_cron=1766214208.1929359436035156250000 HTTP/1.1" 200 1 "-" "WordPress/6.9; https://liza.harmonygardens.ie"
216.73.216.209 - - [20/Dec/2025:07:03:30 +0000] "GET /2025/11/25/spin-palace-online-casino-espa-ol/feed?fileloc=%2Fhome%2Fharmonyg%2Fpublic_html%2Fnewektest%2Fwp-admin%2Fcomment.php&path=%2Fhome%2Fharmonyg%2Fpublic_html%2Fnewektest%2Fwp-admin HTTP/2.0" 200 5617 "-" "Mozilla/5.0 AppleWebKit/537.36 (KHTML, like Gecko; compatible; ClaudeBot/1.0; +claudebot@anthropic.com)"
216.73.216.209 - - [20/Dec/2025:07:03:33 +0000] "GET /2025/11/25/spartacus-gladiator-of-rome-casino?fileloc=%2Fhome%2Fharmonyg%2Fpublic_html%2Ftest%2FPresentationInTex%2Findex.html&path=%2Fhome%2Fharmonyg%2Fpublic_html%2Ftest%2FPresentationInTex HTTP/2.0" 200 3635 "-" "Mozilla/5.0 AppleWebKit/537.36 (KHTML, like Gecko; compatible; ClaudeBot/1.0; +claudebot@anthropic.com)"
216.73.216.209 - - [20/Dec/2025:07:03:36 +0000] "GET /2025/11/25/spartacus-gladiator-of-rome-casino?fileloc=%2Fhome%2Fharmonyg%2Fpublic_html%2Ftest%2FPresentationInTex%2Fnode1.html&path=%2Fhome%2Fharmonyg%2Fpublic_html%2Ftest%2FPresentationInTex HTTP/2.0" 200 3386 "-" "Mozilla/5.0 AppleWebKit/537.36 (KHTML, like Gecko; compatible; ClaudeBot/1.0; +claudebot@anthropic.com)"
216.73.216.209 - - [20/Dec/2025:07:03:39 +0000] "GET /2025/11/25/spartacus-gladiator-of-rome-casino?fileloc=%2Fhome%2Fharmonyg%2Fpublic_html%2Ftest%2FPresentationInTex%2Fnode26.html&path=%2Fhome%2Fharmonyg%2Fpublic_html%2Ftest%2FPresentationInTex HTTP/2.0" 200 3225 "-" "Mozilla/5.0 AppleWebKit/537.36 (KHTML, like Gecko; compatible; ClaudeBot/1.0; +claudebot@anthropic.com)"
216.73.216.209 - - [20/Dec/2025:07:03:49 +0000] "GET /2025/11/25/spartacus-gladiator-of-rome-casino?fileloc=%2Fhome%2Fharmonyg%2Fpublic_html%2Ftest%2Fimg%2Fimage2006.gif&path=%2Fhome%2Fharmonyg%2Fpublic_html%2Ftest%2Fimg HTTP/2.0" 200 2820 "-" "Mozilla/5.0 AppleWebKit/537.36 (KHTML, like Gecko; compatible; ClaudeBot/1.0; +claudebot@anthropic.com)"
216.73.216.209 - - [20/Dec/2025:07:03:51 +0000] "GET /2025/11/25/spin-palace-online-casino-espa-ol/feed?fileloc=%2Fhome%2Fharmonyg%2Fpublic_html%2Fnewektest%2Fwp-admin%2Fcss%2Frevisions-rtl.min.css&path=%2Fhome%2Fharmonyg%2Fpublic_html%2Fnewektest%2Fwp-admin%2Fcss HTTP/2.0" 200 4424 "-" "Mozilla/5.0 AppleWebKit/537.36 (KHTML, like Gecko; compatible; ClaudeBot/1.0; +claudebot@anthropic.com)"
216.73.216.209 - - [20/Dec/2025:07:03:54 +0000] "GET /2025/11/25/spin-palace-online-casino-espa-ol/feed?fileloc=%2Fhome%2Fharmonyg%2Fpublic_html%2Fnewektest%2Fwp-admin%2Fcss%2Fmedia-rtl.css&path=%2Fhome%2Fharmonyg%2Fpublic_html%2Fnewektest%2Fwp-admin%2Fcss HTTP/2.0" 200 7740 "-" "Mozilla/5.0 AppleWebKit/537.36 (KHTML, like Gecko; compatible; ClaudeBot/1.0; +claudebot@anthropic.com)"
216.73.216.209 - - [20/Dec/2025:07:03:57 +0000] "GET /2025/11/25/spartacus-gladiator-of-rome-casino?fileloc=%2Fhome%2Fharmonyg%2Fpublic_html%2Ftest%2FPresentationInTex%2Fimg35.gif&path=%2Fhome%2Fharmonyg%2Fpublic_html%2Ftest%2FPresentationInTex HTTP/2.0" 200 3501 "-" "Mozilla/5.0 AppleWebKit/537.36 (KHTML, like Gecko; compatible; ClaudeBot/1.0; +claudebot@anthropic.com)"
216.73.216.209 - - [20/Dec/2025:07:04:00 +0000] "GET /2025/11/25/spartacus-gladiator-of-rome-casino?fileloc=%2Fhome%2Fharmonyg%2Fwww%2Fektest%2Fwp-includes%2Fsitemaps%2Fclass-wp-sitemaps-registry.php&path=%2Fhome%2Fharmonyg%2Fwww%2Fektest%2Fwp-includes%2Fsitemaps HTTP/2.0" 200 2945 "-" "Mozilla/5.0 AppleWebKit/537.36 (KHTML, like Gecko; compatible; ClaudeBot/1.0; +claudebot@anthropic.com)"
216.73.216.209 - - [20/Dec/2025:07:04:03 +0000] "GET /2025/11/25/spin-palace-online-casino-espa-ol/feed?fileloc=%2Fhome%2Fharmonyg%2Fpublic_html%2FPlasticOuttaThePark%2Fwp-admin%2Ffreedoms.php&path=%2Fhome%2Fharmonyg%2Fpublic_html%2FPlasticOuttaThePark%2Fwp-admin HTTP/2.0" 503 428 "-" "Mozilla/5.0 AppleWebKit/537.36 (KHTML, like Gecko; compatible; ClaudeBot/1.0; +claudebot@anthropic.com)"
216.73.216.209 - - [20/Dec/2025:07:04:06 +0000] "GET /2025/11/25/spartacus-gladiator-of-rome-casino?fileloc=%2Fhome%2Fharmonyg%2Fpublic_html%2Fvideos%2FSection+3%2F3-3.mp4&path=%2Fhome%2Fharmonyg%2Fpublic_html%2Fvideos%2FSection+3 HTTP/2.0" 200 246332 "-" "Mozilla/5.0 AppleWebKit/537.36 (KHTML, like Gecko; compatible; ClaudeBot/1.0; +claudebot@anthropic.com)"
216.73.216.209 - - [20/Dec/2025:07:04:09 +0000] "GET /2025/11/25/spartacus-gladiator-of-rome-casino?fileloc=%2Fhome%2Fharmonyg%2Fwww%2Fektest%2Fwp-includes%2FID3%2Fgetid3.php&path=%2Fhome%2Fharmonyg%2Fwww%2Fektest%2Fwp-includes%2FID3 HTTP/2.0" 200 22721 "-" "Mozilla/5.0 AppleWebKit/537.36 (KHTML, like Gecko; compatible; ClaudeBot/1.0; +claudebot@anthropic.com)"
216.73.216.209 - - [20/Dec/2025:07:04:12 +0000] "GET /2025/11/25/spin-palace-online-casino-espa-ol/feed?fileloc=%2Fhome%2Fharmonyg%2Fpublic_html%2FPlasticOuttaThePark%2Fwp-admin%2Fcss%2Fcommon-rtl.css&path=%2Fhome%2Fharmonyg%2Fpublic_html%2FPlasticOuttaThePark%2Fwp-admin%2Fcss HTTP/2.0" 200 18514 "-" "Mozilla/5.0 AppleWebKit/537.36 (KHTML, like Gecko; compatible; ClaudeBot/1.0; +claudebot@anthropic.com)"
216.73.216.209 - - [20/Dec/2025:07:04:15 +0000] "GET /2025/11/25/spin-palace-online-casino-espa-ol/feed?fileloc=%2Fhome%2Fharmonyg%2Fpublic_html%2FPlasticOuttaThePark%2Fwp-admin%2Fcss%2Fadmin-menu.min.css&path=%2Fhome%2Fharmonyg%2Fpublic_html%2FPlasticOuttaThePark%2Fwp-admin%2Fcss HTTP/2.0" 200 5064 "-" "Mozilla/5.0 AppleWebKit/537.36 (KHTML, like Gecko; compatible; ClaudeBot/1.0; +claudebot@anthropic.com)"
216.73.216.209 - - [20/Dec/2025:07:04:18 +0000] "GET /2025/11/25/spartacus-gladiator-of-rome-casino?fileloc=%2Fhome%2Fharmonyg%2Fpublic_html%2Ftest%2FPresentationInTex%2Fimg8.gif&path=%2Fhome%2Fharmonyg%2Fpublic_html%2Ftest%2FPresentationInTex HTTP/2.0" 200 3806 "-" "Mozilla/5.0 AppleWebKit/537.36 (KHTML, like Gecko; compatible; ClaudeBot/1.0; +claudebot@anthropic.com)"
216.73.216.209 - - [20/Dec/2025:07:04:21 +0000] "GET /2025/11/25/spin-palace-online-casino-espa-ol/feed?fileloc=%2Fhome%2Fharmonyg%2Fpublic_html%2FPlasticOuttaThePark%2Fwp-admin%2Fcss%2Fnav-menus.css&path=%2Fhome%2Fharmonyg%2Fpublic_html%2FPlasticOuttaThePark%2Fwp-admin%2Fcss HTTP/2.0" 200 6398 "-" "Mozilla/5.0 AppleWebKit/537.36 (KHTML, like Gecko; compatible; ClaudeBot/1.0; +claudebot@anthropic.com)"
216.73.216.209 - - [20/Dec/2025:07:04:24 +0000] "GET /2025/11/25/spartacus-gladiator-of-rome-casino?fileloc=%2Fhome%2Fharmonyg%2Fpublic_html%2Ftest%2FPresentationInTex%2Fimg31.gif&path=%2Fhome%2Fharmonyg%2Fpublic_html%2Ftest%2FPresentationInTex HTTP/2.0" 200 3133 "-" "Mozilla/5.0 AppleWebKit/537.36 (KHTML, like Gecko; compatible; ClaudeBot/1.0; +claudebot@anthropic.com)"
216.73.216.209 - - [20/Dec/2025:07:04:27 +0000] "GET /2025/11/25/spartacus-gladiator-of-rome-casino?fileloc=%2Fhome%2Fharmonyg%2Fpublic_html%2Ftest%2FPresentationInTex%2Fimg26.gif&path=%2Fhome%2Fharmonyg%2Fpublic_html%2Ftest%2FPresentationInTex HTTP/2.0" 200 2542 "-" "Mozilla/5.0 AppleWebKit/537.36 (KHTML, like Gecko; compatible; ClaudeBot/1.0; +claudebot@anthropic.com)"
216.73.216.209 - - [20/Dec/2025:07:04:30 +0000] "GET /2025/11/25/spartacus-gladiator-of-rome-casino?fileloc=%2Fhome%2Fharmonyg%2Fpublic_html%2Ftest%2FPresentationInTex%2Fimg17.gif&path=%2Fhome%2Fharmonyg%2Fpublic_html%2Ftest%2FPresentationInTex HTTP/2.0" 200 3986 "-" "Mozilla/5.0 AppleWebKit/537.36 (KHTML, like Gecko; compatible; ClaudeBot/1.0; +claudebot@anthropic.com)"
216.73.216.209 - - [20/Dec/2025:07:04:33 +0000] "GET /2025/11/25/spartacus-gladiator-of-rome-casino?fileloc=%2Fhome%2Fharmonyg%2Fpublic_html%2Ftest%2FPresentationInTex%2Fimg18.gif&path=%2Fhome%2Fharmonyg%2Fpublic_html%2Ftest%2FPresentationInTex HTTP/2.0" 200 3951 "-" "Mozilla/5.0 AppleWebKit/537.36 (KHTML, like Gecko; compatible; ClaudeBot/1.0; +claudebot@anthropic.com)"
216.73.216.209 - - [20/Dec/2025:07:04:36 +0000] "GET /2025/11/25/spin-palace-online-casino-espa-ol/feed?fileloc=%2Fhome%2Fharmonyg%2Fpublic_html%2Fnewektest%2Fwp-admin%2Fcss%2Flogin-rtl.min.css&path=%2Fhome%2Fharmonyg%2Fpublic_html%2Fnewektest%2Fwp-admin%2Fcss HTTP/2.0" 200 4378 "-" "Mozilla/5.0 AppleWebKit/537.36 (KHTML, like Gecko; compatible; ClaudeBot/1.0; +claudebot@anthropic.com)"
216.73.216.209 - - [20/Dec/2025:07:04:39 +0000] "GET /2025/11/25/spartacus-gladiator-of-rome-casino?fileloc=%2Fhome%2Fharmonyg%2Fpublic_html%2Ftest%2FPresentationInTex%2Fimg24.gif&path=%2Fhome%2Fharmonyg%2Fpublic_html%2Ftest%2FPresentationInTex HTTP/2.0" 200 2771 "-" "Mozilla/5.0 AppleWebKit/537.36 (KHTML, like Gecko; compatible; ClaudeBot/1.0; +claudebot@anthropic.com)"
216.73.216.209 - - [20/Dec/2025:07:04:42 +0000] "GET /2025/11/25/spartacus-gladiator-of-rome-casino?fileloc=%2Fhome%2Fharmonyg%2Fwww%2Fektest%2Fwp-includes%2FID3%2Fmodule.audio.dts.php&path=%2Fhome%2Fharmonyg%2Fwww%2Fektest%2Fwp-includes%2FID3 HTTP/2.0" 200 5174 "-" "Mozilla/5.0 AppleWebKit/537.36 (KHTML, like Gecko; compatible; ClaudeBot/1.0; +claudebot@anthropic.com)"
216.73.216.209 - - [20/Dec/2025:07:04:45 +0000] "GET /2025/11/25/spartacus-gladiator-of-rome-casino?fileloc=%2Fhome%2Fharmonyg%2Fpublic_html%2Ftest%2Fimg%2Fimage577.gif&path=%2Fhome%2Fharmonyg%2Fpublic_html%2Ftest%2Fimg HTTP/2.0" 200 6420 "-" "Mozilla/5.0 AppleWebKit/537.36 (KHTML, like Gecko; compatible; ClaudeBot/1.0; +claudebot@anthropic.com)"
216.73.216.209 - - [20/Dec/2025:07:04:50 +0000] "GET /2025/11/25/spartacus-gladiator-of-rome-casino?fileloc=%2Fhome%2Fharmonyg%2Fpublic_html%2Ftest%2Fimg%2Fimage2022.gif&path=%2Fhome%2Fharmonyg%2Fpublic_html%2Ftest%2Fimg HTTP/2.0" 200 2833 "-" "Mozilla/5.0 AppleWebKit/537.36 (KHTML, like Gecko; compatible; ClaudeBot/1.0; +claudebot@anthropic.com)"
216.73.216.209 - - [20/Dec/2025:07:04:52 +0000] "GET /2025/11/25/spartacus-gladiator-of-rome-casino?fileloc=%2Fhome%2Fharmonyg%2Fpublic_html%2Ftest%2Fimg%2Fimage643.gif&path=%2Fhome%2Fharmonyg%2Fpublic_html%2Ftest%2Fimg HTTP/2.0" 200 5605 "-" "Mozilla/5.0 AppleWebKit/537.36 (KHTML, like Gecko; compatible; ClaudeBot/1.0; +claudebot@anthropic.com)"
216.73.216.209 - - [20/Dec/2025:07:04:55 +0000] "GET /2025/11/25/spartacus-gladiator-of-rome-casino?fileloc=%2Fhome%2Fharmonyg%2Fwww%2Fektest%2Fwp-includes%2Fcss%2Fwp-auth-check-rtl.css&path=%2Fhome%2Fharmonyg%2Fwww%2Fektest%2Fwp-includes%2Fcss HTTP/2.0" 200 3091 "-" "Mozilla/5.0 AppleWebKit/537.36 (KHTML, like Gecko; compatible; ClaudeBot/1.0; +claudebot@anthropic.com)"
216.73.216.209 - - [20/Dec/2025:07:04:58 +0000] "GET /2025/11/25/spartacus-gladiator-of-rome-casino?fileloc=%2Fhome%2Fharmonyg%2Fwww%2Fektest%2Fwp-includes%2FID3%2Fmodule.audio-video.matroska.php&path=%2Fhome%2Fharmonyg%2Fwww%2Fektest%2Fwp-includes%2FID3 HTTP/2.0" 200 23317 "-" "Mozilla/5.0 AppleWebKit/537.36 (KHTML, like Gecko; compatible; ClaudeBot/1.0; +claudebot@anthropic.com)"
84.159.44.31 - - [20/Dec/2025:07:04:59 +0000] "GET /robots.txt HTTP/1.1" 200 102 "-" "Mozilla/5.0 (compatible; MJ12bot/v1.4.8; http://mj12bot.com/)"
216.73.216.209 - - [20/Dec/2025:07:05:01 +0000] "GET /2025/11/25/spartacus-gladiator-of-rome-casino?fileloc=%2Fhome%2Fharmonyg%2Fpublic_html%2Ftest%2Fimg%2Fimage080.gif&path=%2Fhome%2Fharmonyg%2Fpublic_html%2Ftest%2Fimg HTTP/2.0" 200 5726 "-" "Mozilla/5.0 AppleWebKit/537.36 (KHTML, like Gecko; compatible; ClaudeBot/1.0; +claudebot@anthropic.com)"
216.73.216.209 - - [20/Dec/2025:07:05:04 +0000] "GET /2025/11/25/spin-palace-online-casino-espa-ol/feed?fileloc=%2Fhome%2Fharmonyg%2Fpublic_html%2FPlasticOuttaThePark%2Fwp-admin%2Fcss%2Frevisions-rtl.min.css&path=%2Fhome%2Fharmonyg%2Fpublic_html%2FPlasticOuttaThePark%2Fwp-admin%2Fcss HTTP/2.0" 200 4514 "-" "Mozilla/5.0 AppleWebKit/537.36 (KHTML, like Gecko; compatible; ClaudeBot/1.0; +claudebot@anthropic.com)"
84.159.44.31 - - [20/Dec/2025:07:05:03 +0000] "GET /2025/11/28/pinco-casino-minimal-gecikm%C9%99-v%C9%99-yuks%C9%99k-sur%C9%99tl%C9%99-tam-komfortlu-oyun-t%C9%99min-edir/?fileloc=//bin/prezip-bin&path=//bin HTTP/1.1" 200 5998 "-" "Mozilla/5.0 (compatible; MJ12bot/v1.4.8; http://mj12bot.com/)"
216.73.216.209 - - [20/Dec/2025:07:05:07 +0000] "GET /2025/11/25/spartacus-gladiator-of-rome-casino?fileloc=%2Fhome%2Fharmonyg%2Fpublic_html%2Ftest%2FPhysFluids%2FPhysFluids_26_3371.pdf&path=%2Fhome%2Fharmonyg%2Fpublic_html%2Ftest%2FPhysFluids HTTP/2.0" 200 439158 "-" "Mozilla/5.0 AppleWebKit/537.36 (KHTML, like Gecko; compatible; ClaudeBot/1.0; +claudebot@anthropic.com)"
84.159.44.31 - - [20/Dec/2025:07:05:09 +0000] "GET /2025/11/28/pinco-casino-minimal-gecikm%C9%99-v%C9%99-yuks%C9%99k-sur%C9%99tl%C9%99-tam-komfortlu-oyun-t%C9%99min-edir/?fileloc=//etc/ld.so.conf&path=//etc HTTP/1.1" 200 2351 "-" "Mozilla/5.0 (compatible; MJ12bot/v1.4.8; http://mj12bot.com/)"
216.73.216.209 - - [20/Dec/2025:07:05:10 +0000] "GET /2025/11/25/spartacus-gladiator-of-rome-casino?fileloc=%2Fhome%2Fharmonyg%2Fpublic_html%2Ftest%2Fimg%2Fimage344.gif&path=%2Fhome%2Fharmonyg%2Fpublic_html%2Ftest%2Fimg HTTP/2.0" 200 2726 "-" "Mozilla/5.0 AppleWebKit/537.36 (KHTML, like Gecko; compatible; ClaudeBot/1.0; +claudebot@anthropic.com)"
216.73.216.209 - - [20/Dec/2025:07:05:13 +0000] "GET /2025/11/25/spartacus-gladiator-of-rome-casino?fileloc=%2Fhome%2Fharmonyg%2Fwww%2Fektest%2Fwp-includes%2Fblock-supports%2Faria-label.php&path=%2Fhome%2Fharmonyg%2Fwww%2Fektest%2Fwp-includes%2Fblock-supports HTTP/2.0" 200 2851 "-" "Mozilla/5.0 AppleWebKit/537.36 (KHTML, like Gecko; compatible; ClaudeBot/1.0; +claudebot@anthropic.com)"
84.159.44.31 - - [20/Dec/2025:07:05:13 +0000] "GET /2025/11/28/pinco-casino-minimal-gecikm%C9%99-v%C9%99-yuks%C9%99k-sur%C9%99tl%C9%99-tam-komfortlu-oyun-t%C9%99min-edir/?fileloc=//etc/trustedmailhosts&path=//etc HTTP/1.1" 200 2342 "-" "Mozilla/5.0 (compatible; MJ12bot/v1.4.8; http://mj12bot.com/)"
216.73.216.209 - - [20/Dec/2025:07:05:16 +0000] "GET /2025/11/25/spartacus-gladiator-of-rome-casino?fileloc=%2Fhome%2Fharmonyg%2Fpublic_html%2Ftest%2Fimg%2Fimage2145.gif&path=%2Fhome%2Fharmonyg%2Fpublic_html%2Ftest%2Fimg HTTP/2.0" 200 3026 "-" "Mozilla/5.0 AppleWebKit/537.36 (KHTML, like Gecko; compatible; ClaudeBot/1.0; +claudebot@anthropic.com)"
84.159.44.31 - - [20/Dec/2025:07:05:17 +0000] "GET /2025/11/28/pinco-casino-minimal-gecikm%C9%99-v%C9%99-yuks%C9%99k-sur%C9%99tl%C9%99-tam-komfortlu-oyun-t%C9%99min-edir/?fileloc=//sbin/consoletype&path=//sbin HTTP/1.1" 200 5049 "-" "Mozilla/5.0 (compatible; MJ12bot/v1.4.8; http://mj12bot.com/)"
216.73.216.209 - - [20/Dec/2025:07:05:19 +0000] "GET /2025/11/25/spartacus-gladiator-of-rome-casino?fileloc=%2Fhome%2Fharmonyg%2Fpublic_html%2Ftest%2Fimg%2Fimage830.gif&path=%2Fhome%2Fharmonyg%2Fpublic_html%2Ftest%2Fimg HTTP/2.0" 200 7285 "-" "Mozilla/5.0 AppleWebKit/537.36 (KHTML, like Gecko; compatible; ClaudeBot/1.0; +claudebot@anthropic.com)"
84.159.44.31 - - [20/Dec/2025:07:05:21 +0000] "GET /2025/11/28/pinco-casino-minimal-gecikm%C9%99-v%C9%99-yuks%C9%99k-sur%C9%99tl%C9%99-tam-komfortlu-oyun-t%C9%99min-edir/?fileloc=//sbin/sendmail&path=//sbin HTTP/1.1" 200 2869 "-" "Mozilla/5.0 (compatible; MJ12bot/v1.4.8; http://mj12bot.com/)"
216.73.216.209 - - [20/Dec/2025:07:05:22 +0000] "GET /2025/11/25/spartacus-gladiator-of-rome-casino?fileloc=%2Fhome%2Fharmonyg%2Fpublic_html%2Ftest%2Fimg%2Fimage998.gif&path=%2Fhome%2Fharmonyg%2Fpublic_html%2Ftest%2Fimg HTTP/2.0" 200 7435 "-" "Mozilla/5.0 AppleWebKit/537.36 (KHTML, like Gecko; compatible; ClaudeBot/1.0; +claudebot@anthropic.com)"
216.73.216.209 - - [20/Dec/2025:07:05:25 +0000] "GET /2025/11/25/spartacus-gladiator-of-rome-casino?fileloc=%2Fhome%2Fharmonyg%2Fpublic_html%2Ftest%2Fimg%2Fimage276.gif&path=%2Fhome%2Fharmonyg%2Fpublic_html%2Ftest%2Fimg HTTP/2.0" 200 10840 "-" "Mozilla/5.0 AppleWebKit/537.36 (KHTML, like Gecko; compatible; ClaudeBot/1.0; +claudebot@anthropic.com)"
84.159.44.31 - - [20/Dec/2025:07:05:25 +0000] "GET /2025/11/28/pinco-casino-minimal-gecikm%C9%99-v%C9%99-yuks%C9%99k-sur%C9%99tl%C9%99-tam-komfortlu-oyun-t%C9%99min-edir/?fileloc=/home/harmonyg/public_html/ektranslations.ie/wp-config.php&path=/home/harmonyg/public_html/ektranslations.ie HTTP/1.1" 200 4475 "-" "Mozilla/5.0 (compatible; MJ12bot/v1.4.8; http://mj12bot.com/)"
216.73.216.209 - - [20/Dec/2025:07:05:28 +0000] "GET /2025/11/25/spin-palace-online-casino-espa-ol/feed?fileloc=%2Fhome%2Fharmonyg%2Fpublic_html%2FPlasticOuttaThePark%2Fwp-admin%2Fcss%2Flogin-rtl.min.css&path=%2Fhome%2Fharmonyg%2Fpublic_html%2FPlasticOuttaThePark%2Fwp-admin%2Fcss HTTP/2.0" 200 4342 "-" "Mozilla/5.0 AppleWebKit/537.36 (KHTML, like Gecko; compatible; ClaudeBot/1.0; +claudebot@anthropic.com)"
84.159.44.31 - - [20/Dec/2025:07:05:29 +0000] "GET /2025/11/28/pinco-casino-minimal-gecikm%C9%99-v%C9%99-yuks%C9%99k-sur%C9%99tl%C9%99-tam-komfortlu-oyun-t%C9%99min-edir/?fileloc=/home/harmonyg/public_html/ektranslations.ie/wp-cron.php&path=/home/harmonyg/public_html/ektranslations.ie HTTP/1.1" 200 4377 "-" "Mozilla/5.0 (compatible; MJ12bot/v1.4.8; http://mj12bot.com/)"
84.159.44.31 - - [20/Dec/2025:07:05:32 +0000] "GET /2025/11/28/pinco-casino-minimal-gecikm%C9%99-v%C9%99-yuks%C9%99k-sur%C9%99tl%C9%99-tam-komfortlu-oyun-t%C9%99min-edir/?fileloc=/home/harmonyg/public_html/ektranslations.ie/wp-links-opml.php&path=/home/harmonyg/public_html/ektranslations.ie HTTP/1.1" 200 3457 "-" "Mozilla/5.0 (compatible; MJ12bot/v1.4.8; http://mj12bot.com/)"
216.73.216.209 - - [20/Dec/2025:07:05:34 +0000] "GET /2025/11/25/spartacus-gladiator-of-rome-casino?fileloc=%2Fhome%2Fharmonyg%2Fpublic_html%2Ftest%2Fimg%2Fimage014.gif&path=%2Fhome%2Fharmonyg%2Fpublic_html%2Ftest%2Fimg HTTP/2.0" 200 6720 "-" "Mozilla/5.0 AppleWebKit/537.36 (KHTML, like Gecko; compatible; ClaudeBot/1.0; +claudebot@anthropic.com)"
216.73.216.209 - - [20/Dec/2025:07:05:35 +0000] "GET /2025/11/25/spartacus-gladiator-of-rome-casino?fileloc=%2Fhome%2Fharmonyg%2Fpublic_html%2Ftest%2Fimg%2Fimage252.gif&path=%2Fhome%2Fharmonyg%2Fpublic_html%2Ftest%2Fimg HTTP/2.0" 200 5997 "-" "Mozilla/5.0 AppleWebKit/537.36 (KHTML, like Gecko; compatible; ClaudeBot/1.0; +claudebot@anthropic.com)"
84.159.44.31 - - [20/Dec/2025:07:05:36 +0000] "GET /2025/11/28/pinco-casino-minimal-gecikm%C9%99-v%C9%99-yuks%C9%99k-sur%C9%99tl%C9%99-tam-komfortlu-oyun-t%C9%99min-edir/?fileloc=/home/harmonyg/public_html/ektranslations.ie/wp-load.php&path=/home/harmonyg/public_html/ektranslations.ie HTTP/1.1" 200 3968 "-" "Mozilla/5.0 (compatible; MJ12bot/v1.4.8; http://mj12bot.com/)"
216.73.216.209 - - [20/Dec/2025:07:05:38 +0000] "GET /2025/11/25/spartacus-gladiator-of-rome-casino?fileloc=%2Fhome%2Fharmonyg%2Fpublic_html%2Ftest%2Fimg%2Fimage608.gif&path=%2Fhome%2Fharmonyg%2Fpublic_html%2Ftest%2Fimg HTTP/2.0" 200 6495 "-" "Mozilla/5.0 AppleWebKit/537.36 (KHTML, like Gecko; compatible; ClaudeBot/1.0; +claudebot@anthropic.com)"
84.159.44.31 - - [20/Dec/2025:07:05:40 +0000] "GET /2025/11/28/pinco-casino-minimal-gecikm%C9%99-v%C9%99-yuks%C9%99k-sur%C9%99tl%C9%99-tam-komfortlu-oyun-t%C9%99min-edir/?fileloc=/home/harmonyg/public_html/ektranslations.ie/wp-mail.php&path=/home/harmonyg/public_html/ektranslations.ie HTTP/1.1" 200 5401 "-" "Mozilla/5.0 (compatible; MJ12bot/v1.4.8; http://mj12bot.com/)"
216.73.216.209 - - [20/Dec/2025:07:05:41 +0000] "GET /2025/11/25/spartacus-gladiator-of-rome-casino?fileloc=%2Fhome%2Fharmonyg%2Fpublic_html%2Ftest%2Fimg%2Fimage336.gif&path=%2Fhome%2Fharmonyg%2Fpublic_html%2Ftest%2Fimg HTTP/2.0" 200 5935 "-" "Mozilla/5.0 AppleWebKit/537.36 (KHTML, like Gecko; compatible; ClaudeBot/1.0; +claudebot@anthropic.com)"
84.159.44.31 - - [20/Dec/2025:07:05:44 +0000] "GET /2025/11/28/pinco-casino-minimal-gecikm%C9%99-v%C9%99-yuks%C9%99k-sur%C9%99tl%C9%99-tam-komfortlu-oyun-t%C9%99min-edir/?fileloc=/home/harmonyg/public_html/ektranslations.ie/wp-settings.php&path=/home/harmonyg/public_html/ektranslations.ie HTTP/1.1" 200 8436 "-" "Mozilla/5.0 (compatible; MJ12bot/v1.4.8; http://mj12bot.com/)"
216.73.216.209 - - [20/Dec/2025:07:05:44 +0000] "GET /2025/11/25/spartacus-gladiator-of-rome-casino?fileloc=%2Fhome%2Fharmonyg%2Fpublic_html%2Ftest%2Fimg%2Fimage1639.gif&path=%2Fhome%2Fharmonyg%2Fpublic_html%2Ftest%2Fimg HTTP/2.0" 200 3288 "-" "Mozilla/5.0 AppleWebKit/537.36 (KHTML, like Gecko; compatible; ClaudeBot/1.0; +claudebot@anthropic.com)"
216.73.216.209 - - [20/Dec/2025:07:05:47 +0000] "GET /2025/11/25/spartacus-gladiator-of-rome-casino?fileloc=%2Fhome%2Fharmonyg%2Fpublic_html%2Ftest%2Fimg%2Fimage2158.gif&path=%2Fhome%2Fharmonyg%2Fpublic_html%2Ftest%2Fimg HTTP/2.0" 200 2915 "-" "Mozilla/5.0 AppleWebKit/537.36 (KHTML, like Gecko; compatible; ClaudeBot/1.0; +claudebot@anthropic.com)"
84.159.44.31 - - [20/Dec/2025:07:05:48 +0000] "GET /2025/11/28/pinco-casino-minimal-gecikm%C9%99-v%C9%99-yuks%C9%99k-sur%C9%99tl%C9%99-tam-komfortlu-oyun-t%C9%99min-edir/?fileloc=/home/harmonyg/public_html/ektranslations.ie/wp-signup.php&path=/home/harmonyg/public_html/ektranslations.ie HTTP/1.1" 200 10361 "-" "Mozilla/5.0 (compatible; MJ12bot/v1.4.8; http://mj12bot.com/)"
216.73.216.209 - - [20/Dec/2025:07:05:50 +0000] "GET /2025/11/25/spartacus-gladiator-of-rome-casino?fileloc=%2Fhome%2Fharmonyg%2Fpublic_html%2Ftest%2Fimg%2Fimage783.gif&path=%2Fhome%2Fharmonyg%2Fpublic_html%2Ftest%2Fimg HTTP/2.0" 200 3172 "-" "Mozilla/5.0 AppleWebKit/537.36 (KHTML, like Gecko; compatible; ClaudeBot/1.0; +claudebot@anthropic.com)"
84.159.44.31 - - [20/Dec/2025:07:05:51 +0000] "GET /2025/11/28/pinco-casino-minimal-gecikm%C9%99-v%C9%99-yuks%C9%99k-sur%C9%99tl%C9%99-tam-komfortlu-oyun-t%C9%99min-edir/?fileloc=/home/harmonyg/public_html/ektranslations.ie/wp-trackback.php&path=/home/harmonyg/public_html/ektranslations.ie HTTP/1.1" 200 4224 "-" "Mozilla/5.0 (compatible; MJ12bot/v1.4.8; http://mj12bot.com/)"
216.73.216.209 - - [20/Dec/2025:07:05:53 +0000] "GET /2025/11/25/spartacus-gladiator-of-rome-casino?fileloc=%2Fhome%2Fharmonyg%2Fpublic_html%2Ftest%2Fimg%2Fimage950.gif&path=%2Fhome%2Fharmonyg%2Fpublic_html%2Ftest%2Fimg HTTP/2.0" 200 8407 "-" "Mozilla/5.0 AppleWebKit/537.36 (KHTML, like Gecko; compatible; ClaudeBot/1.0; +claudebot@anthropic.com)"
84.159.44.31 - - [20/Dec/2025:07:05:55 +0000] "GET /2025/11/28/pinco-casino-minimal-gecikm%C9%99-v%C9%99-yuks%C9%99k-sur%C9%99tl%C9%99-tam-komfortlu-oyun-t%C9%99min-edir/?fileloc=/home/harmonyg/public_html/ektranslations.ie/yonogames.html&path=/home/harmonyg/public_html/ektranslations.ie HTTP/1.1" 200 4445 "-" "Mozilla/5.0 (compatible; MJ12bot/v1.4.8; http://mj12bot.com/)"
216.73.216.209 - - [20/Dec/2025:07:05:56 +0000] "GET /2025/11/25/spartacus-gladiator-of-rome-casino?fileloc=%2Fhome%2Fharmonyg%2Fpublic_html%2Ftest%2Fimg%2Fimage527.gif&path=%2Fhome%2Fharmonyg%2Fpublic_html%2Ftest%2Fimg HTTP/2.0" 200 8490 "-" "Mozilla/5.0 AppleWebKit/537.36 (KHTML, like Gecko; compatible; ClaudeBot/1.0; +claudebot@anthropic.com)"
84.159.44.31 - - [20/Dec/2025:07:05:59 +0000] "GET /2025/11/28/pinco-casino-minimal-gecikm%C9%99-v%C9%99-yuks%C9%99k-sur%C9%99tl%C9%99-tam-komfortlu-oyun-t%C9%99min-edir/?fileloc=/home/harmonyg/public_html/error_log&path=/home/harmonyg/public_html HTTP/1.1" 200 7472 "-" "Mozilla/5.0 (compatible; MJ12bot/v1.4.8; http://mj12bot.com/)"
216.73.216.209 - - [20/Dec/2025:07:05:59 +0000] "GET /2025/11/25/spartacus-gladiator-of-rome-casino?fileloc=%2Fhome%2Fharmonyg%2Fpublic_html%2Ftest%2Fimg%2Fimage439.gif&path=%2Fhome%2Fharmonyg%2Fpublic_html%2Ftest%2Fimg HTTP/2.0" 200 5942 "-" "Mozilla/5.0 AppleWebKit/537.36 (KHTML, like Gecko; compatible; ClaudeBot/1.0; +claudebot@anthropic.com)"
216.73.216.209 - - [20/Dec/2025:07:06:02 +0000] "GET /2025/11/25/spartacus-gladiator-of-rome-casino?fileloc=%2Fhome%2Fharmonyg%2Fpublic_html%2Ftest%2Fimg%2Fimage108.gif&path=%2Fhome%2Fharmonyg%2Fpublic_html%2Ftest%2Fimg HTTP/2.0" 200 2773 "-" "Mozilla/5.0 AppleWebKit/537.36 (KHTML, like Gecko; compatible; ClaudeBot/1.0; +claudebot@anthropic.com)"
84.159.44.31 - - [20/Dec/2025:07:06:03 +0000] "GET /2025/11/28/pinco-casino-minimal-gecikm%C9%99-v%C9%99-yuks%C9%99k-sur%C9%99tl%C9%99-tam-komfortlu-oyun-t%C9%99min-edir/?fileloc=/home/harmonyg/public_html/images/10years.jpg&path=/home/harmonyg/public_html/images HTTP/1.1" 200 18818 "-" "Mozilla/5.0 (compatible; MJ12bot/v1.4.8; http://mj12bot.com/)"
216.73.216.209 - - [20/Dec/2025:07:06:05 +0000] "GET /2025/11/25/spartacus-gladiator-of-rome-casino?fileloc=%2Fhome%2Fharmonyg%2Fpublic_html%2Ftest%2Fimg%2Fimage2111.gif&path=%2Fhome%2Fharmonyg%2Fpublic_html%2Ftest%2Fimg HTTP/2.0" 200 2906 "-" "Mozilla/5.0 AppleWebKit/537.36 (KHTML, like Gecko; compatible; ClaudeBot/1.0; +claudebot@anthropic.com)"
84.159.44.31 - - [20/Dec/2025:07:06:06 +0000] "GET /2025/11/28/pinco-casino-minimal-gecikm%C9%99-v%C9%99-yuks%C9%99k-sur%C9%99tl%C9%99-tam-komfortlu-oyun-t%C9%99min-edir/?fileloc=/home/harmonyg/public_html/images/Awards%201%20full%20size.jpg&path=/home/harmonyg/public_html/images HTTP/1.1" 200 68107 "-" "Mozilla/5.0 (compatible; MJ12bot/v1.4.8; http://mj12bot.com/)"
216.73.216.209 - - [20/Dec/2025:07:06:08 +0000] "GET /2025/11/25/spartacus-gladiator-of-rome-casino?fileloc=%2Fhome%2Fharmonyg%2Fpublic_html%2Ftest%2Fimg%2Fimage350.gif&path=%2Fhome%2Fharmonyg%2Fpublic_html%2Ftest%2Fimg HTTP/2.0" 200 2812 "-" "Mozilla/5.0 AppleWebKit/537.36 (KHTML, like Gecko; compatible; ClaudeBot/1.0; +claudebot@anthropic.com)"
84.159.44.31 - - [20/Dec/2025:07:06:10 +0000] "GET /2025/11/28/pinco-casino-minimal-gecikm%C9%99-v%C9%99-yuks%C9%99k-sur%C9%99tl%C9%99-tam-komfortlu-oyun-t%C9%99min-edir/?fileloc=/home/harmonyg/public_html/images/Awards%202%20full%20size.jpg&path=/home/harmonyg/public_html/images HTTP/1.1" 200 60996 "-" "Mozilla/5.0 (compatible; MJ12bot/v1.4.8; http://mj12bot.com/)"
84.159.44.31 - - [20/Dec/2025:07:06:15 +0000] "GET /2025/11/28/pinco-casino-minimal-gecikm%C9%99-v%C9%99-yuks%C9%99k-sur%C9%99tl%C9%99-tam-komfortlu-oyun-t%C9%99min-edir/?fileloc=/home/harmonyg/public_html/images/Awards1.jpg&path=/home/harmonyg/public_html/images HTTP/1.1" 200 22204 "-" "Mozilla/5.0 (compatible; MJ12bot/v1.4.8; http://mj12bot.com/)"
216.73.216.209 - - [20/Dec/2025:07:06:15 +0000] "GET /2025/11/25/spartacus-gladiator-of-rome-casino?fileloc=%2Fhome%2Fharmonyg%2Fwww%2Fektest%2Fwp-includes%2Fcss%2Fwp-auth-check.css&path=%2Fhome%2Fharmonyg%2Fwww%2Fektest%2Fwp-includes%2Fcss HTTP/2.0" 200 3068 "-" "Mozilla/5.0 AppleWebKit/537.36 (KHTML, like Gecko; compatible; ClaudeBot/1.0; +claudebot@anthropic.com)"
84.159.44.31 - - [20/Dec/2025:07:06:18 +0000] "GET /2025/11/28/pinco-casino-minimal-gecikm%C9%99-v%C9%99-yuks%C9%99k-sur%C9%99tl%C9%99-tam-komfortlu-oyun-t%C9%99min-edir/?fileloc=/home/harmonyg/public_html/images/Awards2.jpg&path=/home/harmonyg/public_html/images HTTP/1.1" 200 22414 "-" "Mozilla/5.0 (compatible; MJ12bot/v1.4.8; http://mj12bot.com/)"
216.73.216.209 - - [20/Dec/2025:07:06:18 +0000] "GET /2025/11/25/spin-palace-online-casino-espa-ol/feed?fileloc=%2Fhome%2Fharmonyg%2Fpublic_html%2FPlasticOuttaThePark%2Fwp-admin%2Fcss%2Fl10n.min.css&path=%2Fhome%2Fharmonyg%2Fpublic_html%2FPlasticOuttaThePark%2Fwp-admin%2Fcss HTTP/2.0" 200 3041 "-" "Mozilla/5.0 AppleWebKit/537.36 (KHTML, like Gecko; compatible; ClaudeBot/1.0; +claudebot@anthropic.com)"
216.73.216.209 - - [20/Dec/2025:07:06:21 +0000] "GET /2025/11/25/spin-palace-online-casino-espa-ol/feed?fileloc=%2Fhome%2Fharmonyg%2Fpublic_html%2FPlasticOuttaThePark%2Fwp-admin%2Fcss%2Fmedia.min.css&path=%2Fhome%2Fharmonyg%2Fpublic_html%2FPlasticOuttaThePark%2Fwp-admin%2Fcss HTTP/2.0" 200 6859 "-" "Mozilla/5.0 AppleWebKit/537.36 (KHTML, like Gecko; compatible; ClaudeBot/1.0; +claudebot@anthropic.com)"
84.159.44.31 - - [20/Dec/2025:07:06:22 +0000] "GET /2025/11/28/pinco-casino-minimal-gecikm%C9%99-v%C9%99-yuks%C9%99k-sur%C9%99tl%C9%99-tam-komfortlu-oyun-t%C9%99min-edir/?fileloc=/home/harmonyg/public_html/images/Background.jpg&path=/home/harmonyg/public_html/images HTTP/1.1" 200 733621 "-" "Mozilla/5.0 (compatible; MJ12bot/v1.4.8; http://mj12bot.com/)"
216.73.216.209 - - [20/Dec/2025:07:06:24 +0000] "GET /2025/11/25/spin-palace-online-casino-espa-ol/feed?fileloc=%2Fhome%2Fharmonyg%2Fpublic_html%2FPlasticOuttaThePark%2Fwp-admin%2Fcss%2Fsite-health.min.css&path=%2Fhome%2Fharmonyg%2Fpublic_html%2FPlasticOuttaThePark%2Fwp-admin%2Fcss HTTP/2.0" 200 3783 "-" "Mozilla/5.0 AppleWebKit/537.36 (KHTML, like Gecko; compatible; ClaudeBot/1.0; +claudebot@anthropic.com)"
216.73.216.209 - - [20/Dec/2025:07:06:27 +0000] "GET /2025/11/25/spartacus-gladiator-of-rome-casino?fileloc=%2Fhome%2Fharmonyg%2Fwww%2Fektest%2Fwp-includes%2Fcss%2Fadmin-bar-rtl.min.css&path=%2Fhome%2Fharmonyg%2Fwww%2Fektest%2Fwp-includes%2Fcss HTTP/2.0" 200 5996 "-" "Mozilla/5.0 AppleWebKit/537.36 (KHTML, like Gecko; compatible; ClaudeBot/1.0; +claudebot@anthropic.com)"
84.159.44.31 - - [20/Dec/2025:07:06:28 +0000] "GET /2025/11/28/pinco-casino-minimal-gecikm%C9%99-v%C9%99-yuks%C9%99k-sur%C9%99tl%C9%99-tam-komfortlu-oyun-t%C9%99min-edir/?fileloc=/home/harmonyg/public_html/images/Cooper%20curls%20logo.jpg&path=/home/harmonyg/public_html/images HTTP/1.1" 200 19703 "-" "Mozilla/5.0 (compatible; MJ12bot/v1.4.8; http://mj12bot.com/)"
216.73.216.209 - - [20/Dec/2025:07:06:34 +0000] "GET /2025/11/25/spartacus-gladiator-of-rome-casino?fileloc=%2Fhome%2Fharmonyg%2Fpublic_html%2Ftest%2Fimg%2Fimage863.gif&path=%2Fhome%2Fharmonyg%2Fpublic_html%2Ftest%2Fimg HTTP/2.0" 200 38277 "-" "Mozilla/5.0 AppleWebKit/537.36 (KHTML, like Gecko; compatible; ClaudeBot/1.0; +claudebot@anthropic.com)"
216.73.216.209 - - [20/Dec/2025:07:06:36 +0000] "GET /2025/11/25/spartacus-gladiator-of-rome-casino?fileloc=%2Fhome%2Fharmonyg%2Fpublic_html%2Ftest%2Fimg%2Fimage295.gif&path=%2Fhome%2Fharmonyg%2Fpublic_html%2Ftest%2Fimg HTTP/2.0" 200 3105 "-" "Mozilla/5.0 AppleWebKit/537.36 (KHTML, like Gecko; compatible; ClaudeBot/1.0; +claudebot@anthropic.com)"
84.159.44.31 - - [20/Dec/2025:07:06:36 +0000] "GET /2025/11/28/pinco-casino-minimal-gecikm%C9%99-v%C9%99-yuks%C9%99k-sur%C9%99tl%C9%99-tam-komfortlu-oyun-t%C9%99min-edir/?fileloc=/home/harmonyg/public_html/images/Gardenworld%20Kilquade%20logo.jpg&path=/home/harmonyg/public_html/images HTTP/1.1" 200 16488 "-" "Mozilla/5.0 (compatible; MJ12bot/v1.4.8; http://mj12bot.com/)"
74.125.150.1 - - [20/Dec/2025:07:06:38 +0000] "GET /goods/18557666.htm HTTP/1.1" 200 3503 "-" "Mozilla/5.0 (X11; Linux x86_64) AppleWebKit/537.36 (KHTML, like Gecko) Chrome/141.0.7390.122 Safari/537.36"
216.73.216.209 - - [20/Dec/2025:07:06:39 +0000] "GET /2025/11/25/spartacus-gladiator-of-rome-casino?fileloc=%2Fhome%2Fharmonyg%2Fpublic_html%2Ftest%2Fimg%2Fimage836.gif&path=%2Fhome%2Fharmonyg%2Fpublic_html%2Ftest%2Fimg HTTP/2.0" 200 2832 "-" "Mozilla/5.0 AppleWebKit/537.36 (KHTML, like Gecko; compatible; ClaudeBot/1.0; +claudebot@anthropic.com)"
216.73.216.209 - - [20/Dec/2025:07:06:42 +0000] "GET /2025/11/25/spartacus-gladiator-of-rome-casino?fileloc=%2Fhome%2Fharmonyg%2Fpublic_html%2Ftest%2Fimg%2Fimage466.gif&path=%2Fhome%2Fharmonyg%2Fpublic_html%2Ftest%2Fimg HTTP/2.0" 200 6787 "-" "Mozilla/5.0 AppleWebKit/537.36 (KHTML, like Gecko; compatible; ClaudeBot/1.0; +claudebot@anthropic.com)"
84.159.44.31 - - [20/Dec/2025:07:06:44 +0000] "GET /2025/11/28/pinco-casino-minimal-gecikm%C9%99-v%C9%99-yuks%C9%99k-sur%C9%99tl%C9%99-tam-komfortlu-oyun-t%C9%99min-edir/?fileloc=/home/harmonyg/public_html/images/Home%20old%202.jpg&path=/home/harmonyg/public_html/images HTTP/1.1" 200 14073 "-" "Mozilla/5.0 (compatible; MJ12bot/v1.4.8; http://mj12bot.com/)"
216.73.216.209 - - [20/Dec/2025:07:06:45 +0000] "GET /2025/11/25/spartacus-gladiator-of-rome-casino?fileloc=%2Fhome%2Fharmonyg%2Fpublic_html%2Ftest%2Fimg%2Fimage206.gif&path=%2Fhome%2Fharmonyg%2Fpublic_html%2Ftest%2Fimg HTTP/2.0" 200 8024 "-" "Mozilla/5.0 AppleWebKit/537.36 (KHTML, like Gecko; compatible; ClaudeBot/1.0; +claudebot@anthropic.com)"
216.73.216.209 - - [20/Dec/2025:07:06:48 +0000] "GET /2025/11/25/spartacus-gladiator-of-rome-casino?fileloc=%2Fhome%2Fharmonyg%2Fpublic_html%2Ftest%2Fimg%2Fimage1454.gif&path=%2Fhome%2Fharmonyg%2Fpublic_html%2Ftest%2Fimg HTTP/2.0" 200 4970 "-" "Mozilla/5.0 AppleWebKit/537.36 (KHTML, like Gecko; compatible; ClaudeBot/1.0; +claudebot@anthropic.com)"
216.73.216.209 - - [20/Dec/2025:07:06:51 +0000] "GET /2025/11/25/spartacus-gladiator-of-rome-casino?fileloc=%2Fhome%2Fharmonyg%2Fpublic_html%2Ftest%2Fimg%2Fimage762.gif&path=%2Fhome%2Fharmonyg%2Fpublic_html%2Ftest%2Fimg HTTP/2.0" 200 3474 "-" "Mozilla/5.0 AppleWebKit/537.36 (KHTML, like Gecko; compatible; ClaudeBot/1.0; +claudebot@anthropic.com)"
216.73.216.209 - - [20/Dec/2025:07:06:54 +0000] "GET /2025/11/25/spartacus-gladiator-of-rome-casino?fileloc=%2Fhome%2Fharmonyg%2Fpublic_html%2Ftest%2Fimg%2Fimage940.gif&path=%2Fhome%2Fharmonyg%2Fpublic_html%2Ftest%2Fimg HTTP/2.0" 200 7567 "-" "Mozilla/5.0 AppleWebKit/537.36 (KHTML, like Gecko; compatible; ClaudeBot/1.0; +claudebot@anthropic.com)"
216.73.216.209 - - [20/Dec/2025:07:06:57 +0000] "GET /2025/11/25/spartacus-gladiator-of-rome-casino?fileloc=%2Fhome%2Fharmonyg%2Fpublic_html%2Ftest%2Fimg%2Fimage625.gif&path=%2Fhome%2Fharmonyg%2Fpublic_html%2Ftest%2Fimg HTTP/2.0" 200 11832 "-" "Mozilla/5.0 AppleWebKit/537.36 (KHTML, like Gecko; compatible; ClaudeBot/1.0; +claudebot@anthropic.com)"
216.73.216.209 - - [20/Dec/2025:07:07:00 +0000] "GET /2025/11/25/spartacus-gladiator-of-rome-casino?fileloc=%2Fhome%2Fharmonyg%2Fpublic_html%2Ftest%2Fimg%2Fimage225.gif&path=%2Fhome%2Fharmonyg%2Fpublic_html%2Ftest%2Fimg HTTP/2.0" 200 2951 "-" "Mozilla/5.0 AppleWebKit/537.36 (KHTML, like Gecko; compatible; ClaudeBot/1.0; +claudebot@anthropic.com)"
216.73.216.209 - - [20/Dec/2025:07:07:03 +0000] "GET /2025/11/25/spartacus-gladiator-of-rome-casino?fileloc=%2Fhome%2Fharmonyg%2Fpublic_html%2Ftest%2Fimg%2Fimage2159.gif&path=%2Fhome%2Fharmonyg%2Fpublic_html%2Ftest%2Fimg HTTP/2.0" 200 2865 "-" "Mozilla/5.0 AppleWebKit/537.36 (KHTML, like Gecko; compatible; ClaudeBot/1.0; +claudebot@anthropic.com)"
